CRAN Package Check Results for Package CIEE

Last updated on 2025-02-16 10:50:43 CET.

Flavor Version Tinstall Tcheck Ttotal Status Flags
r-devel-linux-x86_64-debian-clang 0.1.1 3.02 50.90 53.92 OK
r-devel-linux-x86_64-debian-gcc 0.1.1 1.98 37.49 39.47 OK
r-devel-linux-x86_64-fedora-clang 0.1.1 89.06 OK
r-devel-linux-x86_64-fedora-gcc 0.1.1 96.27 OK
r-devel-macos-arm64 0.1.1 34.00 OK
r-devel-macos-x86_64 0.1.1 64.00 OK
r-devel-windows-x86_64 0.1.1 4.00 75.00 79.00 OK
r-patched-linux-x86_64 0.1.1 2.85 47.88 50.73 NOTE
r-release-linux-x86_64 0.1.1 2.85 48.20 51.05 NOTE
r-release-macos-arm64 0.1.1 35.00 NOTE
r-release-macos-x86_64 0.1.1 51.00 NOTE
r-release-windows-x86_64 0.1.1 4.00 75.00 79.00 NOTE
r-oldrel-macos-arm64 0.1.1 34.00 NOTE
r-oldrel-macos-x86_64 0.1.1 53.00 NOTE
r-oldrel-windows-x86_64 0.1.1 5.00 77.00 82.00 NOTE

Check Details

Version: 0.1.1
Check: LazyData
Result: NOTE 'LazyData' is specified without a 'data' directory Flavors: r-patched-linux-x86_64, r-release-linux-x86_64, r-release-macos-arm64, r-release-macos-x86_64, r-release-windows-x86_64, r-oldrel-macos-arm64, r-oldrel-macos-x86_64, r-oldrel-windows-x86_64

These binaries (installable software) and packages are in development.
They may not be fully stable and should be used with caution. We make no claims about them.