Last updated on 2025-11-13 19:50:20 CET.
| Flavor | Version | Tinstall | Tcheck | Ttotal | Status | Flags |
|---|---|---|---|---|---|---|
| r-devel-linux-x86_64-debian-clang | 1.2.0 | 17.91 | 138.50 | 156.41 | OK | |
| r-devel-linux-x86_64-debian-gcc | 1.2.0 | 12.89 | 92.06 | 104.95 | OK | |
| r-devel-linux-x86_64-fedora-clang | 1.2.0 | 40.00 | 193.12 | 233.12 | NOTE | |
| r-devel-linux-x86_64-fedora-gcc | 1.2.0 | 46.00 | 178.05 | 224.05 | NOTE | |
| r-devel-windows-x86_64 | 1.2.0 | 21.00 | 138.00 | 159.00 | OK | |
| r-patched-linux-x86_64 | 1.2.0 | 16.41 | 126.70 | 143.11 | OK | |
| r-release-linux-x86_64 | 1.2.0 | 17.73 | 126.47 | 144.20 | OK | |
| r-release-macos-arm64 | 1.2.0 | 6.00 | 45.00 | 51.00 | OK | |
| r-release-macos-x86_64 | 1.2.0 | 16.00 | 97.00 | 113.00 | OK | |
| r-release-windows-x86_64 | 1.2.0 | 18.00 | 136.00 | 154.00 | OK | |
| r-oldrel-macos-arm64 | 1.2.0 | 7.00 | 51.00 | 58.00 | OK | |
| r-oldrel-macos-x86_64 | 1.2.0 | 10.00 | 70.00 | 80.00 | OK | |
| r-oldrel-windows-x86_64 | 1.2.0 | 26.00 | 178.00 | 204.00 | OK |
Version: 1.2.0
Check: dependencies in R code
Result: NOTE
Namespace in Imports field not imported from: ‘magrittr’
All declared Imports should be used.
Flavors: r-devel-linux-x86_64-fedora-clang, r-devel-linux-x86_64-fedora-gcc
These binaries (installable software) and packages are in development.
They may not be fully stable and should be used with caution. We make no claims about them.