Last updated on 2025-10-03 13:49:28 CEST.
Flavor | Version | Tinstall | Tcheck | Ttotal | Status | Flags |
---|---|---|---|---|---|---|
r-devel-linux-x86_64-debian-clang | 1.2.0 | 18.10 | 136.65 | 154.75 | OK | |
r-devel-linux-x86_64-debian-gcc | 1.2.0 | 12.32 | 91.35 | 103.67 | OK | |
r-devel-linux-x86_64-fedora-clang | 1.2.0 | 235.79 | NOTE | |||
r-devel-linux-x86_64-fedora-gcc | 1.2.0 | 223.28 | NOTE | |||
r-devel-windows-x86_64 | 1.2.0 | 22.00 | 139.00 | 161.00 | OK | |
r-patched-linux-x86_64 | 1.2.0 | 18.38 | 126.47 | 144.85 | OK | |
r-release-linux-x86_64 | 1.2.0 | 17.23 | 126.73 | 143.96 | OK | |
r-release-macos-arm64 | 1.2.0 | 51.00 | OK | |||
r-release-macos-x86_64 | 1.2.0 | 113.00 | OK | |||
r-release-windows-x86_64 | 1.2.0 | 19.00 | 140.00 | 159.00 | OK | |
r-oldrel-macos-arm64 | 1.2.0 | 58.00 | OK | |||
r-oldrel-macos-x86_64 | 1.2.0 | 80.00 | OK | |||
r-oldrel-windows-x86_64 | 1.2.0 | 29.00 | 174.00 | 203.00 | OK |
Version: 1.2.0
Check: dependencies in R code
Result: NOTE
Namespace in Imports field not imported from: ‘magrittr’
All declared Imports should be used.
Flavors: r-devel-linux-x86_64-fedora-clang, r-devel-linux-x86_64-fedora-gcc
These binaries (installable software) and packages are in development.
They may not be fully stable and should be used with caution. We make no claims about them.