Last updated on 2025-07-02 03:50:38 CEST.
Flavor | Version | Tinstall | Tcheck | Ttotal | Status | Flags |
---|---|---|---|---|---|---|
r-devel-linux-x86_64-debian-clang | 1.2.2 | 14.16 | 280.63 | 294.79 | OK | |
r-devel-linux-x86_64-debian-gcc | 1.2.2 | 9.25 | 167.35 | 176.60 | OK | |
r-devel-linux-x86_64-fedora-clang | 1.2.2 | 485.09 | NOTE | |||
r-devel-linux-x86_64-fedora-gcc | 1.2.2 | 460.91 | NOTE | |||
r-devel-windows-x86_64 | 1.2.2 | 16.00 | 225.00 | 241.00 | OK | |
r-patched-linux-x86_64 | OK | |||||
r-release-linux-x86_64 | 1.2.2 | 12.97 | 265.53 | 278.50 | OK | |
r-release-macos-arm64 | 1.2.2 | 110.00 | OK | |||
r-release-macos-x86_64 | 1.2.2 | 240.00 | OK | |||
r-release-windows-x86_64 | 1.2.2 | 15.00 | 219.00 | 234.00 | OK | |
r-oldrel-macos-arm64 | 1.2.2 | 100.00 | OK | |||
r-oldrel-macos-x86_64 | 1.2.2 | 175.00 | OK | |||
r-oldrel-windows-x86_64 | 1.2.2 | 21.00 | 343.00 | 364.00 | OK |
Version: 1.2.2
Check: dependencies in R code
Result: NOTE
Namespaces in Imports field not imported from:
‘circlize’ ‘utils’
All declared Imports should be used.
Flavors: r-devel-linux-x86_64-fedora-clang, r-devel-linux-x86_64-fedora-gcc
These binaries (installable software) and packages are in development.
They may not be fully stable and should be used with caution. We make no claims about them.