Last updated on 2025-05-08 04:52:01 CEST.
Flavor | Version | Tinstall | Tcheck | Ttotal | Status | Flags |
---|---|---|---|---|---|---|
r-devel-linux-x86_64-debian-clang | 1.2.2 | 13.45 | 281.76 | 295.21 | OK | |
r-devel-linux-x86_64-debian-gcc | 1.2.2 | 9.49 | 165.13 | 174.62 | OK | |
r-devel-linux-x86_64-fedora-clang | 1.2.2 | 504.58 | NOTE | |||
r-devel-linux-x86_64-fedora-gcc | 1.2.2 | 531.26 | NOTE | |||
r-devel-windows-x86_64 | 1.2.2 | 15.00 | 226.00 | 241.00 | OK | |
r-patched-linux-x86_64 | 1.2.2 | 13.17 | 266.66 | 279.83 | OK | |
r-release-linux-x86_64 | 1.2.2 | 11.52 | 263.81 | 275.33 | OK | |
r-release-macos-arm64 | 1.2.2 | 110.00 | OK | |||
r-release-macos-x86_64 | 1.2.2 | 240.00 | OK | |||
r-release-windows-x86_64 | 1.2.2 | 16.00 | 223.00 | 239.00 | OK | |
r-oldrel-macos-arm64 | 1.2.2 | 100.00 | OK | |||
r-oldrel-macos-x86_64 | 1.2.2 | 175.00 | OK | |||
r-oldrel-windows-x86_64 | 1.2.2 | 20.00 | 318.00 | 338.00 | OK |
Version: 1.2.2
Check: dependencies in R code
Result: NOTE
Namespaces in Imports field not imported from:
‘circlize’ ‘utils’
All declared Imports should be used.
Flavors: r-devel-linux-x86_64-fedora-clang, r-devel-linux-x86_64-fedora-gcc
These binaries (installable software) and packages are in development.
They may not be fully stable and should be used with caution. We make no claims about them.