Last updated on 2025-02-19 18:50:59 CET.
Flavor | Version | Tinstall | Tcheck | Ttotal | Status | Flags |
---|---|---|---|---|---|---|
r-devel-linux-x86_64-debian-clang | 1.2.2 | 12.87 | 272.11 | 284.98 | OK | |
r-devel-linux-x86_64-debian-gcc | 1.2.2 | 9.00 | 158.89 | 167.89 | OK | |
r-devel-linux-x86_64-fedora-clang | 1.2.2 | 511.19 | NOTE | |||
r-devel-linux-x86_64-fedora-gcc | 1.2.2 | 447.76 | NOTE | |||
r-devel-macos-arm64 | 1.2.2 | 124.00 | OK | |||
r-devel-macos-x86_64 | 1.2.2 | 240.00 | OK | |||
r-devel-windows-x86_64 | 1.2.2 | 14.00 | 211.00 | 225.00 | OK | |
r-patched-linux-x86_64 | 1.2.2 | 12.56 | 255.38 | 267.94 | OK | |
r-release-linux-x86_64 | 1.2.2 | 11.57 | 249.67 | 261.24 | OK | |
r-release-macos-arm64 | 1.2.2 | 100.00 | OK | |||
r-release-macos-x86_64 | 1.2.2 | 175.00 | OK | |||
r-release-windows-x86_64 | 1.2.2 | 14.00 | 211.00 | 225.00 | OK | |
r-oldrel-macos-arm64 | 1.2.2 | 49.00 | OK | |||
r-oldrel-macos-x86_64 | 1.2.2 | 101.00 | OK | |||
r-oldrel-windows-x86_64 | 1.2.2 | 19.00 | 327.00 | 346.00 | OK |
Version: 1.2.2
Check: dependencies in R code
Result: NOTE
Namespaces in Imports field not imported from:
‘circlize’ ‘utils’
All declared Imports should be used.
Flavors: r-devel-linux-x86_64-fedora-clang, r-devel-linux-x86_64-fedora-gcc
These binaries (installable software) and packages are in development.
They may not be fully stable and should be used with caution. We make no claims about them.