CRAN Package Check Results for Package CIS.DGLM

Last updated on 2025-02-16 10:50:43 CET.

Flavor Version Tinstall Tcheck Ttotal Status Flags
r-devel-linux-x86_64-debian-clang 0.1.0 4.84 57.04 61.88 OK
r-devel-linux-x86_64-debian-gcc 0.1.0 3.09 38.33 41.42 OK
r-devel-linux-x86_64-fedora-clang 0.1.0 100.44 NOTE
r-devel-linux-x86_64-fedora-gcc 0.1.0 91.57 NOTE
r-devel-macos-arm64 0.1.0 28.00 OK
r-devel-macos-x86_64 0.1.0 73.00 OK
r-devel-windows-x86_64 0.1.0 6.00 75.00 81.00 OK
r-patched-linux-x86_64 0.1.0 4.70 53.43 58.13 OK
r-release-linux-x86_64 0.1.0 3.65 52.73 56.38 OK
r-release-macos-arm64 0.1.0 26.00 OK
r-release-macos-x86_64 0.1.0 58.00 OK
r-release-windows-x86_64 0.1.0 5.00 68.00 73.00 OK
r-oldrel-macos-arm64 0.1.0 31.00 OK
r-oldrel-macos-x86_64 0.1.0 48.00 OK
r-oldrel-windows-x86_64 0.1.0 8.00 104.00 112.00 OK

Check Details

Version: 0.1.0
Check: dependencies in R code
Result: NOTE Namespace in Imports field not imported from: ‘RColorBrewer’ All declared Imports should be used. Flavors: r-devel-linux-x86_64-fedora-clang, r-devel-linux-x86_64-fedora-gcc

These binaries (installable software) and packages are in development.
They may not be fully stable and should be used with caution. We make no claims about them.