Last updated on 2025-10-25 19:49:57 CEST.
| Flavor | Version | Tinstall | Tcheck | Ttotal | Status | Flags |
|---|---|---|---|---|---|---|
| r-devel-linux-x86_64-debian-clang | 0.1.0 | 4.54 | 62.64 | 67.18 | OK | |
| r-devel-linux-x86_64-debian-gcc | 0.1.0 | 3.46 | 41.28 | 44.74 | OK | |
| r-devel-linux-x86_64-fedora-clang | 0.1.0 | 102.30 | NOTE | |||
| r-devel-linux-x86_64-fedora-gcc | 0.1.0 | 99.30 | NOTE | |||
| r-devel-windows-x86_64 | 0.1.0 | 6.00 | 72.00 | 78.00 | OK | |
| r-patched-linux-x86_64 | 0.1.0 | 3.79 | 59.13 | 62.92 | OK | |
| r-release-linux-x86_64 | 0.1.0 | 4.31 | 59.00 | 63.31 | OK | |
| r-release-macos-arm64 | 0.1.0 | 2.00 | 32.00 | 34.00 | OK | |
| r-release-macos-x86_64 | 0.1.0 | 6.00 | 62.00 | 68.00 | OK | |
| r-release-windows-x86_64 | 0.1.0 | 6.00 | 72.00 | 78.00 | OK | |
| r-oldrel-macos-arm64 | 0.1.0 | 2.00 | 24.00 | 26.00 | OK | |
| r-oldrel-macos-x86_64 | 0.1.0 | 3.00 | 55.00 | 58.00 | OK | |
| r-oldrel-windows-x86_64 | 0.1.0 | 8.00 | 90.00 | 98.00 | OK |
Version: 0.1.0
Check: dependencies in R code
Result: NOTE
Namespace in Imports field not imported from: ‘RColorBrewer’
All declared Imports should be used.
Flavors: r-devel-linux-x86_64-fedora-clang, r-devel-linux-x86_64-fedora-gcc
These binaries (installable software) and packages are in development.
They may not be fully stable and should be used with caution. We make no claims about them.