Last updated on 2025-10-24 13:49:34 CEST.
| Flavor | Version | Tinstall | Tcheck | Ttotal | Status | Flags |
|---|---|---|---|---|---|---|
| r-devel-linux-x86_64-debian-clang | 0.1.1 | 3.35 | 111.41 | 114.76 | NOTE | |
| r-devel-linux-x86_64-debian-gcc | 0.1.1 | 2.29 | 68.71 | 71.00 | NOTE | |
| r-devel-linux-x86_64-fedora-clang | 0.1.1 | 183.66 | OK | |||
| r-devel-linux-x86_64-fedora-gcc | 0.1.1 | 196.80 | OK | |||
| r-devel-windows-x86_64 | 0.1.1 | 4.00 | 135.00 | 139.00 | OK | |
| r-patched-linux-x86_64 | 0.1.1 | 3.55 | 106.70 | 110.25 | OK | |
| r-release-linux-x86_64 | 0.1.1 | 3.00 | 106.00 | 109.00 | OK | |
| r-release-macos-arm64 | 0.1.1 | 1.00 | 54.00 | 55.00 | OK | |
| r-release-macos-x86_64 | 0.1.1 | 3.00 | 125.00 | 128.00 | OK | |
| r-release-windows-x86_64 | 0.1.1 | 4.00 | 136.00 | 140.00 | OK | |
| r-oldrel-macos-arm64 | 0.1.1 | 2.00 | 55.00 | 57.00 | NOTE | |
| r-oldrel-macos-x86_64 | 0.1.1 | 2.00 | 84.00 | 86.00 | NOTE | |
| r-oldrel-windows-x86_64 | 0.1.1 | 7.00 | 155.00 | 162.00 | NOTE |
Version: 0.1.1
Check: CRAN incoming feasibility
Result: NOTE
Maintainer: ‘Stefan Konigorski <stefan.konigorski@gmail.com>’
Package CITATION file contains call(s) to old-style citEntry(). Please
use bibentry() instead.
Flavors: r-devel-linux-x86_64-debian-clang, r-devel-linux-x86_64-debian-gcc
Version: 0.1.1
Check: LazyData
Result: NOTE
'LazyData' is specified without a 'data' directory
Flavors: r-oldrel-macos-arm64, r-oldrel-macos-x86_64, r-oldrel-windows-x86_64
These binaries (installable software) and packages are in development.
They may not be fully stable and should be used with caution. We make no claims about them.