Last updated on 2025-10-25 03:50:08 CEST.
| Flavor | Version | Tinstall | Tcheck | Ttotal | Status | Flags |
|---|---|---|---|---|---|---|
| r-devel-linux-x86_64-debian-clang | 0.1.0 | 3.01 | 31.88 | 34.89 | NOTE | |
| r-devel-linux-x86_64-debian-gcc | 0.1.0 | 1.96 | 25.77 | 27.73 | NOTE | |
| r-devel-linux-x86_64-fedora-clang | 0.1.0 | 52.07 | OK | |||
| r-devel-linux-x86_64-fedora-gcc | 0.1.0 | 51.33 | OK | |||
| r-devel-windows-x86_64 | 0.1.0 | 5.00 | 52.00 | 57.00 | OK | |
| r-patched-linux-x86_64 | 0.1.0 | 3.15 | 33.80 | 36.95 | OK | |
| r-release-linux-x86_64 | 0.1.0 | 2.89 | 33.74 | 36.63 | OK | |
| r-release-macos-arm64 | 0.1.0 | 2.00 | 28.00 | 30.00 | OK | |
| r-release-macos-x86_64 | 0.1.0 | 2.00 | 35.00 | 37.00 | OK | |
| r-release-windows-x86_64 | 0.1.0 | 4.00 | 53.00 | 57.00 | OK | |
| r-oldrel-macos-arm64 | 0.1.0 | 1.00 | 19.00 | 20.00 | OK | |
| r-oldrel-macos-x86_64 | 0.1.0 | 2.00 | 30.00 | 32.00 | OK | |
| r-oldrel-windows-x86_64 | 0.1.0 | 6.00 | 63.00 | 69.00 | OK |
Version: 0.1.0
Check: CRAN incoming feasibility
Result: NOTE
Maintainer: ‘Raphiel Murden <rmurden@emory.edu>’
Package CITATION file contains call(s) to old-style citEntry(). Please
use bibentry() instead.
Flavors: r-devel-linux-x86_64-debian-clang, r-devel-linux-x86_64-debian-gcc
These binaries (installable software) and packages are in development.
They may not be fully stable and should be used with caution. We make no claims about them.