Last updated on 2025-10-23 11:50:09 CEST.
Flavor | Version | Tinstall | Tcheck | Ttotal | Status | Flags |
---|---|---|---|---|---|---|
r-devel-linux-x86_64-debian-clang | 0.1.0 | 4.49 | 42.11 | 46.60 | NOTE | |
r-devel-linux-x86_64-debian-gcc | 0.1.0 | 3.32 | 31.06 | 34.38 | NOTE | |
r-devel-linux-x86_64-fedora-clang | 0.1.0 | 10.00 | 61.44 | 71.44 | NOTE | |
r-devel-linux-x86_64-fedora-gcc | 0.1.0 | 81.86 | NOTE | |||
r-devel-windows-x86_64 | 0.1.0 | 6.00 | 66.00 | 72.00 | NOTE | |
r-patched-linux-x86_64 | 0.1.0 | 4.76 | 39.10 | 43.86 | NOTE | |
r-release-linux-x86_64 | 0.1.0 | 4.26 | 39.70 | 43.96 | NOTE | |
r-release-macos-arm64 | 0.1.0 | 2.00 | 29.00 | 31.00 | NOTE | |
r-release-macos-x86_64 | 0.1.0 | 4.00 | 52.00 | 56.00 | NOTE | |
r-release-windows-x86_64 | 0.1.0 | 7.00 | 60.00 | 67.00 | NOTE | |
r-oldrel-macos-arm64 | 0.1.0 | 2.00 | 28.00 | 30.00 | OK | |
r-oldrel-macos-x86_64 | 0.1.0 | 3.00 | 41.00 | 44.00 | OK | |
r-oldrel-windows-x86_64 | 0.1.0 | 8.00 | 69.00 | 77.00 | OK |
Version: 0.1.0
Check: DESCRIPTION meta-information
Result: NOTE
Missing dependency on R >= 4.1.0 because package code uses the pipe
|> or function shorthand \(...) syntax added in R 4.1.0.
File(s) using such syntax:
‘bias_df_combined.R’ ‘create_table_ep_15.R’
‘precision_calculate_aov_info.R’
Flavors: r-devel-linux-x86_64-debian-clang, r-devel-linux-x86_64-debian-gcc, r-devel-linux-x86_64-fedora-clang, r-devel-linux-x86_64-fedora-gcc, r-devel-windows-x86_64, r-patched-linux-x86_64, r-release-linux-x86_64, r-release-macos-arm64, r-release-macos-x86_64, r-release-windows-x86_64
These binaries (installable software) and packages are in development.
They may not be fully stable and should be used with caution. We make no claims about them.