Last updated on 2025-05-08 04:52:01 CEST.
Flavor | Version | Tinstall | Tcheck | Ttotal | Status | Flags |
---|---|---|---|---|---|---|
r-devel-linux-x86_64-debian-clang | 0.1.0 | 4.86 | 40.36 | 45.22 | NOTE | |
r-devel-linux-x86_64-debian-gcc | 0.1.0 | 3.13 | 29.53 | 32.66 | NOTE | |
r-devel-linux-x86_64-fedora-clang | 0.1.0 | 69.74 | NOTE | |||
r-devel-linux-x86_64-fedora-gcc | 0.1.0 | 79.39 | NOTE | |||
r-devel-windows-x86_64 | 0.1.0 | 6.00 | 59.00 | 65.00 | NOTE | |
r-patched-linux-x86_64 | 0.1.0 | 4.64 | 37.62 | 42.26 | NOTE | |
r-release-linux-x86_64 | 0.1.0 | 4.34 | 37.88 | 42.22 | NOTE | |
r-release-macos-arm64 | 0.1.0 | 31.00 | NOTE | |||
r-release-macos-x86_64 | 0.1.0 | 56.00 | NOTE | |||
r-release-windows-x86_64 | 0.1.0 | 7.00 | 59.00 | 66.00 | NOTE | |
r-oldrel-macos-arm64 | 0.1.0 | 30.00 | OK | |||
r-oldrel-macos-x86_64 | 0.1.0 | 44.00 | OK | |||
r-oldrel-windows-x86_64 | 0.1.0 | 8.00 | 67.00 | 75.00 | OK |
Version: 0.1.0
Check: DESCRIPTION meta-information
Result: NOTE
Missing dependency on R >= 4.1.0 because package code uses the pipe
|> or function shorthand \(...) syntax added in R 4.1.0.
File(s) using such syntax:
‘bias_df_combined.R’ ‘create_table_ep_15.R’
‘precision_calculate_aov_info.R’
Flavors: r-devel-linux-x86_64-debian-clang, r-devel-linux-x86_64-debian-gcc, r-devel-linux-x86_64-fedora-clang, r-devel-linux-x86_64-fedora-gcc, r-devel-windows-x86_64, r-patched-linux-x86_64, r-release-linux-x86_64, r-release-macos-arm64, r-release-macos-x86_64, r-release-windows-x86_64
These binaries (installable software) and packages are in development.
They may not be fully stable and should be used with caution. We make no claims about them.