Last updated on 2025-10-24 11:50:43 CEST.
| Flavor | Version | Tinstall | Tcheck | Ttotal | Status | Flags |
|---|---|---|---|---|---|---|
| r-devel-linux-x86_64-debian-clang | 0.12.0 | 126.14 | 325.88 | 452.02 | OK | |
| r-devel-linux-x86_64-debian-gcc | 0.12.0 | 93.49 | 316.17 | 409.66 | OK | |
| r-devel-linux-x86_64-fedora-clang | 0.12.0 | 226.00 | 530.36 | 756.36 | OK | |
| r-devel-linux-x86_64-fedora-gcc | 0.12.0 | 204.00 | 655.51 | 859.51 | OK | |
| r-devel-windows-x86_64 | 0.12.0 | 152.00 | 411.00 | 563.00 | OK | |
| r-patched-linux-x86_64 | 0.12.0 | 137.85 | 408.54 | 546.39 | OK | |
| r-release-linux-x86_64 | 0.12.0 | 138.08 | 408.89 | 546.97 | OK | |
| r-release-macos-arm64 | 0.12.0 | 50.00 | 134.00 | 184.00 | OK | |
| r-release-macos-x86_64 | 0.12.0 | 60.00 | 341.00 | 401.00 | OK | |
| r-release-windows-x86_64 | 0.12.0 | 156.00 | 401.00 | 557.00 | OK | |
| r-oldrel-macos-arm64 | 0.12.0 | 50.00 | 140.00 | 190.00 | NOTE | |
| r-oldrel-macos-x86_64 | 0.12.0 | 64.00 | 333.00 | 397.00 | NOTE | |
| r-oldrel-windows-x86_64 | 0.12.0 | 179.00 | 484.00 | 663.00 | OK |
Version: 0.12.0
Check: installed package size
Result: NOTE
installed size is 17.8Mb
sub-directories of 1Mb or more:
libs 15.5Mb
Flavors: r-oldrel-macos-arm64, r-oldrel-macos-x86_64
These binaries (installable software) and packages are in development.
They may not be fully stable and should be used with caution. We make no claims about them.