CRAN Package Check Results for Package CLVTools

Last updated on 2025-05-08 04:52:01 CEST.

Flavor Version Tinstall Tcheck Ttotal Status Flags
r-devel-linux-x86_64-debian-clang 0.11.2 129.17 270.77 399.94 OK
r-devel-linux-x86_64-debian-gcc 0.11.2 97.50 239.20 336.70 OK
r-devel-linux-x86_64-fedora-clang 0.11.2 667.76 OK
r-devel-linux-x86_64-fedora-gcc 0.11.2 791.50 OK
r-devel-windows-x86_64 0.11.2 153.00 332.00 485.00 OK
r-patched-linux-x86_64 0.11.2 136.78 338.66 475.44 OK
r-release-linux-x86_64 0.11.2 133.06 352.93 485.99 OK
r-release-macos-arm64 0.11.2 196.00 OK
r-release-macos-x86_64 0.11.2 311.00 OK
r-release-windows-x86_64 0.11.2 151.00 333.00 484.00 OK
r-oldrel-macos-arm64 0.11.2 159.00 NOTE
r-oldrel-macos-x86_64 0.11.2 276.00 NOTE
r-oldrel-windows-x86_64 0.11.2 177.00 396.00 573.00 OK

Check Details

Version: 0.11.2
Check: installed package size
Result: NOTE installed size is 17.3Mb sub-directories of 1Mb or more: libs 15.6Mb Flavors: r-oldrel-macos-arm64, r-oldrel-macos-x86_64

These binaries (installable software) and packages are in development.
They may not be fully stable and should be used with caution. We make no claims about them.