Last updated on 2025-02-19 18:50:59 CET.
Flavor | Version | Tinstall | Tcheck | Ttotal | Status | Flags |
---|---|---|---|---|---|---|
r-devel-linux-x86_64-debian-clang | 0.11.2 | 125.73 | 267.09 | 392.82 | OK | |
r-devel-linux-x86_64-debian-gcc | 0.11.2 | 95.46 | 218.89 | 314.35 | OK | |
r-devel-linux-x86_64-fedora-clang | 0.11.2 | 723.37 | OK | |||
r-devel-linux-x86_64-fedora-gcc | 0.11.2 | 762.46 | OK | |||
r-devel-macos-arm64 | 0.11.2 | 167.00 | OK | |||
r-devel-macos-x86_64 | 0.11.2 | 306.00 | OK | |||
r-devel-windows-x86_64 | 0.11.2 | 137.00 | 322.00 | 459.00 | OK | |
r-patched-linux-x86_64 | 0.11.2 | 134.71 | 319.96 | 454.67 | OK | |
r-release-linux-x86_64 | 0.11.2 | 135.00 | 315.54 | 450.54 | OK | |
r-release-macos-arm64 | 0.11.2 | 159.00 | NOTE | |||
r-release-macos-x86_64 | 0.11.2 | 276.00 | NOTE | |||
r-release-windows-x86_64 | 0.11.2 | 134.00 | 323.00 | 457.00 | OK | |
r-oldrel-macos-arm64 | 0.11.2 | 157.00 | NOTE | |||
r-oldrel-macos-x86_64 | 0.11.2 | 285.00 | NOTE | |||
r-oldrel-windows-x86_64 | 0.11.2 | 167.00 | 382.00 | 549.00 | OK |
Version: 0.11.2
Check: installed package size
Result: NOTE
installed size is 17.3Mb
sub-directories of 1Mb or more:
libs 15.6Mb
Flavors: r-release-macos-arm64, r-release-macos-x86_64, r-oldrel-macos-arm64, r-oldrel-macos-x86_64
These binaries (installable software) and packages are in development.
They may not be fully stable and should be used with caution. We make no claims about them.