Last updated on 2025-07-19 21:49:32 CEST.
Flavor | Version | Tinstall | Tcheck | Ttotal | Status | Flags |
---|---|---|---|---|---|---|
r-devel-linux-x86_64-debian-clang | 0.11.2 | 129.33 | 269.95 | 399.28 | OK | |
r-devel-linux-x86_64-debian-gcc | 0.11.2 | 97.34 | 248.05 | 345.39 | OK | |
r-devel-linux-x86_64-fedora-clang | 0.11.2 | 678.00 | OK | |||
r-devel-linux-x86_64-fedora-gcc | 0.11.2 | 814.27 | OK | |||
r-devel-windows-x86_64 | 0.11.2 | 150.00 | 332.00 | 482.00 | OK | |
r-patched-linux-x86_64 | 0.11.2 | 134.20 | 339.69 | 473.89 | OK | |
r-release-linux-x86_64 | 0.11.2 | 133.65 | 373.63 | 507.28 | OK | |
r-release-macos-arm64 | 0.11.2 | 196.00 | OK | |||
r-release-macos-x86_64 | 0.11.2 | 311.00 | OK | |||
r-release-windows-x86_64 | 0.11.2 | 147.00 | 328.00 | 475.00 | OK | |
r-oldrel-macos-arm64 | 0.11.2 | 159.00 | NOTE | |||
r-oldrel-macos-x86_64 | 0.11.2 | 276.00 | NOTE | |||
r-oldrel-windows-x86_64 | 0.11.2 | 179.00 | 403.00 | 582.00 | OK |
Version: 0.11.2
Check: installed package size
Result: NOTE
installed size is 17.3Mb
sub-directories of 1Mb or more:
libs 15.6Mb
Flavors: r-oldrel-macos-arm64, r-oldrel-macos-x86_64
These binaries (installable software) and packages are in development.
They may not be fully stable and should be used with caution. We make no claims about them.