Last updated on 2025-07-02 01:51:33 CEST.
Flavor | Version | Tinstall | Tcheck | Ttotal | Status | Flags |
---|---|---|---|---|---|---|
r-devel-linux-x86_64-debian-clang | 0.1.0 | 29.09 | 255.71 | 284.80 | OK | |
r-devel-linux-x86_64-debian-gcc | 0.1.0 | 17.34 | 165.65 | 182.99 | OK | |
r-devel-linux-x86_64-fedora-clang | 0.1.0 | 458.01 | OK | |||
r-devel-linux-x86_64-fedora-gcc | 0.1.0 | 433.19 | OK | |||
r-devel-windows-x86_64 | 0.1.0 | 37.00 | 200.00 | 237.00 | OK | |
r-patched-linux-x86_64 | OK | |||||
r-release-linux-x86_64 | 0.1.0 | 27.15 | 242.17 | 269.32 | OK | |
r-release-macos-arm64 | 0.1.0 | 122.00 | OK | |||
r-release-macos-x86_64 | 0.1.0 | 265.00 | OK | |||
r-release-windows-x86_64 | 0.1.0 | 36.00 | 193.00 | 229.00 | OK | |
r-oldrel-macos-arm64 | 0.1.0 | 96.00 | NOTE | |||
r-oldrel-macos-x86_64 | 0.1.0 | 154.00 | NOTE | |||
r-oldrel-windows-x86_64 | 0.1.0 | 45.00 | 280.00 | 325.00 | NOTE |
Version: 0.1.0
Check: installed package size
Result: NOTE
installed size is 48.6Mb
sub-directories of 1Mb or more:
extdata 48.5Mb
Flavors: r-oldrel-macos-arm64, r-oldrel-macos-x86_64, r-oldrel-windows-x86_64
These binaries (installable software) and packages are in development.
They may not be fully stable and should be used with caution. We make no claims about them.