Last updated on 2025-02-16 10:50:43 CET.
Flavor | Version | Tinstall | Tcheck | Ttotal | Status | Flags |
---|---|---|---|---|---|---|
r-devel-linux-x86_64-debian-clang | 0.1.0 | 30.91 | 250.40 | 281.31 | OK | |
r-devel-linux-x86_64-debian-gcc | 0.1.0 | 18.00 | 157.55 | 175.55 | OK | |
r-devel-linux-x86_64-fedora-clang | 0.1.0 | 450.88 | OK | |||
r-devel-linux-x86_64-fedora-gcc | 0.1.0 | 419.36 | OK | |||
r-devel-macos-arm64 | 0.1.0 | 100.00 | OK | |||
r-devel-macos-x86_64 | 0.1.0 | 260.00 | OK | |||
r-devel-windows-x86_64 | 0.1.0 | 35.00 | 201.00 | 236.00 | OK | |
r-patched-linux-x86_64 | 0.1.0 | 28.31 | 231.32 | 259.63 | OK | |
r-release-linux-x86_64 | 0.1.0 | 27.65 | 233.54 | 261.19 | OK | |
r-release-macos-arm64 | 0.1.0 | 96.00 | NOTE | |||
r-release-macos-x86_64 | 0.1.0 | 154.00 | NOTE | |||
r-release-windows-x86_64 | 0.1.0 | 35.00 | 191.00 | 226.00 | NOTE | |
r-oldrel-macos-arm64 | 0.1.0 | 101.00 | NOTE | |||
r-oldrel-macos-x86_64 | 0.1.0 | 272.00 | NOTE | |||
r-oldrel-windows-x86_64 | 0.1.0 | 47.00 | 286.00 | 333.00 | NOTE |
Version: 0.1.0
Check: installed package size
Result: NOTE
installed size is 48.6Mb
sub-directories of 1Mb or more:
extdata 48.5Mb
Flavors: r-release-macos-arm64, r-release-macos-x86_64, r-release-windows-x86_64, r-oldrel-macos-arm64, r-oldrel-macos-x86_64, r-oldrel-windows-x86_64
These binaries (installable software) and packages are in development.
They may not be fully stable and should be used with caution. We make no claims about them.