CRAN Package Check Results for Package CMplot

Last updated on 2025-07-21 21:50:59 CEST.

Flavor Version Tinstall Tcheck Ttotal Status Flags
r-devel-linux-x86_64-debian-clang 4.5.1 8.44 35.45 43.89 NOTE
r-devel-linux-x86_64-debian-gcc 4.5.1 4.88 25.25 30.13 NOTE
r-devel-linux-x86_64-fedora-clang 4.5.1 68.42 OK
r-devel-linux-x86_64-fedora-gcc 4.5.1 64.77 OK
r-devel-windows-x86_64 4.5.1 8.00 47.00 55.00 OK
r-patched-linux-x86_64 4.5.1 7.94 33.28 41.22 OK
r-release-linux-x86_64 4.5.1 7.87 33.68 41.55 OK
r-release-macos-arm64 4.5.1 24.00 OK
r-release-macos-x86_64 4.5.1 63.00 OK
r-release-windows-x86_64 4.5.1 8.00 47.00 55.00 OK
r-oldrel-macos-arm64 4.5.1 28.00 OK
r-oldrel-macos-x86_64 4.5.1 35.00 OK
r-oldrel-windows-x86_64 4.5.1 8.00 47.00 55.00 OK

Check Details

Version: 4.5.1
Check: CRAN incoming feasibility
Result: NOTE Maintainer: ‘LiLin-Yin <ylilin@163.com>’ No Authors@R field in DESCRIPTION. Please add one, modifying Authors@R: person(family = "LiLin-Yin", role = c("aut", "cre"), email = "ylilin@163.com") as necessary. The BugReports field in DESCRIPTION has https://github.com/YinLiLin/CMplot/issues/new which should likely be https://github.com/YinLiLin/CMplot/issues/new/issues instead. Flavors: r-devel-linux-x86_64-debian-clang, r-devel-linux-x86_64-debian-gcc

These binaries (installable software) and packages are in development.
They may not be fully stable and should be used with caution. We make no claims about them.