CRAN Package Check Results for Package CNAIM

Last updated on 2025-05-08 04:52:01 CEST.

Flavor Version Tinstall Tcheck Ttotal Status Flags
r-devel-linux-x86_64-debian-clang 2.1.4 21.02 154.69 175.71 NOTE
r-devel-linux-x86_64-debian-gcc 2.1.4 13.45 101.69 115.14 NOTE
r-devel-linux-x86_64-fedora-clang 2.1.4 262.12 OK
r-devel-linux-x86_64-fedora-gcc 2.1.4 267.80 OK
r-devel-windows-x86_64 2.1.4 25.00 192.00 217.00 OK
r-patched-linux-x86_64 2.1.4 25.33 138.00 163.33 OK
r-release-linux-x86_64 2.1.4 22.06 140.98 163.04 OK
r-release-macos-arm64 2.1.4 87.00 OK
r-release-macos-x86_64 2.1.4 148.00 OK
r-release-windows-x86_64 2.1.4 27.00 193.00 220.00 OK
r-oldrel-macos-arm64 2.1.4 68.00 OK
r-oldrel-macos-x86_64 2.1.4 110.00 OK
r-oldrel-windows-x86_64 2.1.4 35.00 229.00 264.00 OK

Check Details

Version: 2.1.4
Check: CRAN incoming feasibility
Result: NOTE Maintainer: ‘Mohsin Vindhani <mohsin@utiligize.com>’ Package CITATION file contains call(s) to old-style personList() or as.personList(). Please use c() on person objects instead. Package CITATION file contains call(s) to old-style citEntry(). Please use bibentry() instead. Flavors: r-devel-linux-x86_64-debian-clang, r-devel-linux-x86_64-debian-gcc

These binaries (installable software) and packages are in development.
They may not be fully stable and should be used with caution. We make no claims about them.