CRAN Package Check Results for Package COMBAT

Last updated on 2025-05-07 15:49:12 CEST.

Flavor Version Tinstall Tcheck Ttotal Status Flags
r-devel-linux-x86_64-debian-clang 0.0.4 1.92 19.82 21.74 NOTE
r-devel-linux-x86_64-debian-gcc 0.0.4 1.52 15.53 17.05 NOTE
r-devel-linux-x86_64-fedora-clang 0.0.4 33.34 OK
r-devel-linux-x86_64-fedora-gcc 0.0.4 32.24 OK
r-devel-windows-x86_64 0.0.4 4.00 40.00 44.00 OK
r-patched-linux-x86_64 0.0.4 1.96 18.71 20.67 OK
r-release-linux-x86_64 0.0.4 1.61 18.58 20.19 OK
r-release-macos-arm64 0.0.4 16.00 OK
r-release-macos-x86_64 0.0.4 28.00 OK
r-release-windows-x86_64 0.0.4 3.00 43.00 46.00 OK
r-oldrel-macos-arm64 0.0.4 20.00 OK
r-oldrel-macos-x86_64 0.0.4 24.00 OK
r-oldrel-windows-x86_64 0.0.4 3.00 43.00 46.00 OK

Check Details

Version: 0.0.4
Check: CRAN incoming feasibility
Result: NOTE Maintainer: ‘Minghui Wang <m.h.wang@live.com>’ No Authors@R field in DESCRIPTION. Please add one, modifying Authors@R: c(person(given = "Minghui", family = "Wang", role = c("aut", "cre"), email = "m.h.wang@live.com"), person(given = "Yiyuan", family = "Liu", role = "aut"), person(given = "Shizhong", family = "Han", role = "aut")) as necessary. Flavors: r-devel-linux-x86_64-debian-clang, r-devel-linux-x86_64-debian-gcc

These binaries (installable software) and packages are in development.
They may not be fully stable and should be used with caution. We make no claims about them.