Last updated on 2025-02-16 10:50:43 CET.
Flavor | Version | Tinstall | Tcheck | Ttotal | Status | Flags |
---|---|---|---|---|---|---|
r-devel-linux-x86_64-debian-clang | 1.0.0 | 106.57 | 68.71 | 175.28 | NOTE | |
r-devel-linux-x86_64-debian-gcc | 1.0.0 | 77.83 | 47.54 | 125.37 | NOTE | |
r-devel-linux-x86_64-fedora-clang | 1.0.0 | 318.18 | NOTE | |||
r-devel-linux-x86_64-fedora-gcc | 1.0.0 | 359.37 | NOTE | |||
r-devel-macos-arm64 | 1.0.0 | 71.00 | NOTE | |||
r-devel-macos-x86_64 | 1.0.0 | 128.00 | NOTE | |||
r-devel-windows-x86_64 | 1.0.0 | 112.00 | 102.00 | 214.00 | NOTE | |
r-patched-linux-x86_64 | 1.0.0 | 110.25 | 62.39 | 172.64 | NOTE | |
r-release-linux-x86_64 | 1.0.0 | 114.87 | 62.89 | 177.76 | NOTE | |
r-release-macos-arm64 | 1.0.0 | 76.00 | NOTE | |||
r-release-macos-x86_64 | 1.0.0 | 92.00 | NOTE | |||
r-release-windows-x86_64 | 1.0.0 | 111.00 | 103.00 | 214.00 | NOTE | |
r-oldrel-macos-arm64 | 1.0.0 | 88.00 | NOTE | |||
r-oldrel-macos-x86_64 | 1.0.0 | 156.00 | NOTE | |||
r-oldrel-windows-x86_64 | 1.0.0 | 136.00 | 119.00 | 255.00 | NOTE |
Version: 1.0.0
Check: C++ specification
Result: NOTE
Specified C++11: please drop specification unless essential
Flavors: r-devel-linux-x86_64-debian-clang, r-devel-linux-x86_64-debian-gcc, r-devel-linux-x86_64-fedora-clang, r-devel-linux-x86_64-fedora-gcc, r-devel-macos-arm64, r-devel-macos-x86_64, r-devel-windows-x86_64, r-patched-linux-x86_64, r-release-linux-x86_64, r-release-macos-arm64, r-release-macos-x86_64, r-release-windows-x86_64, r-oldrel-macos-arm64, r-oldrel-macos-x86_64, r-oldrel-windows-x86_64
Version: 1.0.0
Check: installed package size
Result: NOTE
installed size is 16.2Mb
sub-directories of 1Mb or more:
doc 1.8Mb
libs 14.2Mb
Flavors: r-release-macos-arm64, r-release-macos-x86_64, r-oldrel-macos-arm64, r-oldrel-macos-x86_64
These binaries (installable software) and packages are in development.
They may not be fully stable and should be used with caution. We make no claims about them.