Last updated on 2025-05-08 04:52:01 CEST.
Flavor | Version | Tinstall | Tcheck | Ttotal | Status | Flags |
---|---|---|---|---|---|---|
r-devel-linux-x86_64-debian-clang | 3.2 | 3.10 | 25.77 | 28.87 | NOTE | |
r-devel-linux-x86_64-debian-gcc | 3.2 | 2.18 | 19.67 | 21.85 | NOTE | |
r-devel-linux-x86_64-fedora-clang | 3.2 | 46.24 | OK | |||
r-devel-linux-x86_64-fedora-gcc | 3.2 | 44.39 | OK | |||
r-devel-windows-x86_64 | 3.2 | 5.00 | 45.00 | 50.00 | OK | |
r-patched-linux-x86_64 | 3.2 | 3.52 | 25.20 | 28.72 | OK | |
r-release-linux-x86_64 | 3.2 | 2.73 | 24.84 | 27.57 | OK | |
r-release-macos-arm64 | 3.2 | 17.00 | OK | |||
r-release-macos-x86_64 | 3.2 | 33.00 | OK | |||
r-release-windows-x86_64 | 3.2 | 5.00 | 46.00 | 51.00 | OK | |
r-oldrel-macos-arm64 | 3.2 | 22.00 | OK | |||
r-oldrel-macos-x86_64 | 3.2 | 32.00 | OK | |||
r-oldrel-windows-x86_64 | 3.2 | 3.00 | 45.00 | 48.00 | OK |
Version: 3.2
Check: CRAN incoming feasibility
Result: NOTE
Maintainer: ‘Guoli Sun <guolisun87@gmail.com>’
No Authors@R field in DESCRIPTION.
Please add one, modifying
Authors@R: c(person(given = "Alex",
family = "Krasnitz",
role = "aut"),
person(given = "Guoli",
family = "Sun",
role = c("aut", "cre"),
email = "guolisun87@gmail.com"))
as necessary.
Flavors: r-devel-linux-x86_64-debian-clang, r-devel-linux-x86_64-debian-gcc
These binaries (installable software) and packages are in development.
They may not be fully stable and should be used with caution. We make no claims about them.