CRAN Package Check Results for Package CP

Last updated on 2025-11-24 15:49:48 CET.

Flavor Version Tinstall Tcheck Ttotal Status Flags
r-devel-linux-x86_64-debian-clang 1.8 4.68 41.03 45.71 NOTE
r-devel-linux-x86_64-debian-gcc 1.8 3.60 29.03 32.63 NOTE
r-devel-linux-x86_64-fedora-clang 1.8 11.00 60.27 71.27 OK
r-devel-linux-x86_64-fedora-gcc 1.8 66.26 OK
r-devel-windows-x86_64 1.8 8.00 59.00 67.00 OK
r-patched-linux-x86_64 1.8 5.37 37.65 43.02 OK
r-release-linux-x86_64 1.8 2.98 37.34 40.32 OK
r-release-macos-arm64 1.8 OK
r-release-macos-x86_64 1.8 5.00 37.00 42.00 OK
r-release-windows-x86_64 1.8 7.00 79.00 86.00 OK
r-oldrel-macos-arm64 1.8 OK
r-oldrel-macos-x86_64 1.8 3.00 29.00 32.00 OK
r-oldrel-windows-x86_64 1.8 9.00 68.00 77.00 OK

Check Details

Version: 1.8
Check: CRAN incoming feasibility
Result: NOTE Maintainer: ‘Andreas Kuehnapfel <andreas.kuehnapfel@imise.uni-leipzig.de>’ No Authors@R field in DESCRIPTION. Please add one, modifying Authors@R: person(given = "Andreas", family = "Kuehnapfel", role = c("aut", "cre"), email = "andreas.kuehnapfel@imise.uni-leipzig.de") as necessary. Flavors: r-devel-linux-x86_64-debian-clang, r-devel-linux-x86_64-debian-gcc

These binaries (installable software) and packages are in development.
They may not be fully stable and should be used with caution. We make no claims about them.