CRAN Package Check Results for Package CPP

Last updated on 2025-11-13 21:49:54 CET.

Flavor Version Tinstall Tcheck Ttotal Status Flags
r-devel-linux-x86_64-debian-clang 0.1.0 11.83 105.51 117.34 NOTE
r-devel-linux-x86_64-debian-gcc 0.1.0 8.50 68.13 76.63 NOTE
r-devel-linux-x86_64-fedora-clang 0.1.0 28.00 155.09 183.09 OK
r-devel-linux-x86_64-fedora-gcc 0.1.0 26.00 144.88 170.88 OK
r-devel-windows-x86_64 0.1.0 13.00 106.00 119.00 OK
r-patched-linux-x86_64 0.1.0 10.80 97.47 108.27 OK
r-release-linux-x86_64 0.1.0 10.67 96.53 107.20 OK
r-release-macos-arm64 0.1.0 5.00 37.00 42.00 OK
r-release-macos-x86_64 0.1.0 8.00 70.00 78.00 OK
r-release-windows-x86_64 0.1.0 13.00 102.00 115.00 OK
r-oldrel-macos-arm64 0.1.0 4.00 36.00 40.00 NOTE
r-oldrel-macos-x86_64 0.1.0 7.00 53.00 60.00 NOTE
r-oldrel-windows-x86_64 0.1.0 19.00 132.00 151.00 NOTE

Check Details

Version: 0.1.0
Check: CRAN incoming feasibility
Result: NOTE Maintainer: ‘Luiz O. Gavião <luiz.gaviao67@gmail.com>’ No Authors@R field in DESCRIPTION. Please add one, modifying Authors@R: c(person(given = c("Luiz", "O."), family = "Gavião", role = c("aut", "cre"), email = "luiz.gaviao67@gmail.com"), person(given = c("Annibal", "P."), family = "Sant'Anna", role = "aut"), person(given = c("Gilson", "B.A."), family = "Lima", role = "aut"), person(given = c("Pauli", "A.A."), family = "Garcia.", role = "aut")) as necessary. Flavors: r-devel-linux-x86_64-debian-clang, r-devel-linux-x86_64-debian-gcc

Version: 0.1.0
Check: LazyData
Result: NOTE 'LazyData' is specified without a 'data' directory Flavors: r-oldrel-macos-arm64, r-oldrel-macos-x86_64, r-oldrel-windows-x86_64

These binaries (installable software) and packages are in development.
They may not be fully stable and should be used with caution. We make no claims about them.