CRAN Package Check Results for Package CPsurv

Last updated on 2025-05-08 04:52:02 CEST.

Flavor Version Tinstall Tcheck Ttotal Status Flags
r-devel-linux-x86_64-debian-clang 1.0.0 6.48 133.09 139.57 NOTE
r-devel-linux-x86_64-debian-gcc 1.0.0 5.10 98.02 103.12 NOTE
r-devel-linux-x86_64-fedora-clang 1.0.0 219.92 OK
r-devel-linux-x86_64-fedora-gcc 1.0.0 207.47 OK
r-devel-windows-x86_64 1.0.0 7.00 185.00 192.00 OK
r-patched-linux-x86_64 1.0.0 6.78 121.25 128.03 OK
r-release-linux-x86_64 1.0.0 6.54 122.28 128.82 OK
r-release-macos-arm64 1.0.0 79.00 OK
r-release-macos-x86_64 1.0.0 171.00 OK
r-release-windows-x86_64 1.0.0 7.00 182.00 189.00 OK
r-oldrel-macos-arm64 1.0.0 76.00 OK
r-oldrel-macos-x86_64 1.0.0 127.00 OK
r-oldrel-windows-x86_64 1.0.0 9.00 217.00 226.00 OK

Check Details

Version: 1.0.0
Check: CRAN incoming feasibility
Result: NOTE Maintainer: ‘Stefanie Krügel <stefanie.kruegel@gmail.com>’ No Authors@R field in DESCRIPTION. Please add one, modifying Authors@R: c(person(given = "Stefanie", family = "Krügel", role = c("aut", "cre"), email = "stefanie.kruegel@gmail.com"), person(given = c("Alessandra", "R."), family = "Brazzale"), person(role = "aut"), person(given = "Helmut", family = "Kuechenhoff", role = "aut")) as necessary. Flavors: r-devel-linux-x86_64-debian-clang, r-devel-linux-x86_64-debian-gcc

These binaries (installable software) and packages are in development.
They may not be fully stable and should be used with caution. We make no claims about them.