Last updated on 2025-10-23 23:49:26 CEST.
Flavor | Version | Tinstall | Tcheck | Ttotal | Status | Flags |
---|---|---|---|---|---|---|
r-devel-linux-x86_64-debian-clang | 1.0.0 | 6.81 | 131.96 | 138.77 | NOTE | |
r-devel-linux-x86_64-debian-gcc | 1.0.0 | 4.83 | 98.17 | 103.00 | NOTE | |
r-devel-linux-x86_64-fedora-clang | 1.0.0 | 14.00 | 203.66 | 217.66 | OK | |
r-devel-linux-x86_64-fedora-gcc | 1.0.0 | 14.00 | 192.97 | 206.97 | OK | |
r-devel-windows-x86_64 | 1.0.0 | 8.00 | 183.00 | 191.00 | OK | |
r-patched-linux-x86_64 | 1.0.0 | 6.54 | 123.19 | 129.73 | OK | |
r-release-linux-x86_64 | 1.0.0 | 6.44 | 122.33 | 128.77 | OK | |
r-release-macos-arm64 | 1.0.0 | 3.00 | 76.00 | 79.00 | OK | |
r-release-macos-x86_64 | 1.0.0 | 6.00 | 165.00 | 171.00 | OK | |
r-release-windows-x86_64 | 1.0.0 | 8.00 | 178.00 | 186.00 | OK | |
r-oldrel-macos-arm64 | 1.0.0 | 3.00 | 73.00 | 76.00 | OK | |
r-oldrel-macos-x86_64 | 1.0.0 | 4.00 | 123.00 | 127.00 | OK | |
r-oldrel-windows-x86_64 | 1.0.0 | 9.00 | 225.00 | 234.00 | OK |
Version: 1.0.0
Check: CRAN incoming feasibility
Result: NOTE
Maintainer: ‘Stefanie Krügel <stefanie.kruegel@gmail.com>’
No Authors@R field in DESCRIPTION.
Please add one, modifying
Authors@R: c(person(given = "Stefanie",
family = "Krügel",
role = c("aut", "cre"),
email = "stefanie.kruegel@gmail.com"),
person(given = c("Alessandra", "R."),
family = "Brazzale"),
person(role = "aut"),
person(given = "Helmut",
family = "Kuechenhoff",
role = "aut"))
as necessary.
Flavors: r-devel-linux-x86_64-debian-clang, r-devel-linux-x86_64-debian-gcc
Version: 1.0.0
Check: HTML version of manual
Result: NOTE
Found the following HTML validation problems:
km.sim.survtimes.html:66:1 (km.sim.survtimes.Rd:22): Warning: missing </ul> before </div>
Flavor: r-devel-linux-x86_64-debian-clang
These binaries (installable software) and packages are in development.
They may not be fully stable and should be used with caution. We make no claims about them.