CRAN Package Check Results for Package CR2

Last updated on 2025-02-23 09:51:06 CET.

Flavor Version Tinstall Tcheck Ttotal Status Flags
r-devel-linux-x86_64-debian-clang 0.2.1 10.83 83.33 94.16 NOTE
r-devel-linux-x86_64-debian-gcc 0.2.1 7.69 59.24 66.93 NOTE
r-devel-linux-x86_64-fedora-clang 0.2.1 159.46 NOTE
r-devel-linux-x86_64-fedora-gcc 0.2.1 138.13 NOTE
r-devel-macos-arm64 0.2.1 41.00 NOTE
r-devel-macos-x86_64 0.2.1 86.00 NOTE
r-devel-windows-x86_64 0.2.1 12.00 86.00 98.00 NOTE
r-patched-linux-x86_64 0.2.1 10.39 75.90 86.29 NOTE
r-release-linux-x86_64 0.2.1 10.37 75.94 86.31 NOTE
r-release-macos-arm64 0.2.1 43.00 NOTE
r-release-macos-x86_64 0.2.1 61.00 NOTE
r-release-windows-x86_64 0.2.1 11.00 86.00 97.00 NOTE
r-oldrel-macos-arm64 0.2.1 46.00 OK
r-oldrel-macos-x86_64 0.2.1 72.00 OK
r-oldrel-windows-x86_64 0.2.1 15.00 107.00 122.00 OK

Check Details

Version: 0.2.1
Check: Rd files
Result: NOTE checkRd: (-1) sharedat.Rd:23: Lost braces 23 | \doi{10.7910/DVN/YXMQZM}{Harvard dataverse} | ^ Flavors: r-devel-linux-x86_64-debian-clang, r-devel-linux-x86_64-debian-gcc, r-devel-linux-x86_64-fedora-clang, r-devel-linux-x86_64-fedora-gcc, r-devel-macos-arm64, r-devel-macos-x86_64, r-devel-windows-x86_64, r-patched-linux-x86_64, r-release-linux-x86_64, r-release-macos-arm64, r-release-macos-x86_64, r-release-windows-x86_64

These binaries (installable software) and packages are in development.
They may not be fully stable and should be used with caution. We make no claims about them.