CRAN Package Check Results for Package CREAM

Last updated on 2025-05-08 04:52:02 CEST.

Flavor Version Tinstall Tcheck Ttotal Status Flags
r-devel-linux-x86_64-debian-clang 1.1.1 1.71 21.77 23.48 OK
r-devel-linux-x86_64-debian-gcc 1.1.1 1.39 17.76 19.15 OK
r-devel-linux-x86_64-fedora-clang 1.1.1 35.63 OK
r-devel-linux-x86_64-fedora-gcc 1.1.1 34.16 OK
r-devel-windows-x86_64 1.1.1 3.00 47.00 50.00 OK
r-patched-linux-x86_64 1.1.1 1.82 19.95 21.77 OK
r-release-linux-x86_64 1.1.1 1.53 19.47 21.00 OK
r-release-macos-arm64 1.1.1 17.00 OK
r-release-macos-x86_64 1.1.1 36.00 OK
r-release-windows-x86_64 1.1.1 3.00 48.00 51.00 OK
r-oldrel-macos-arm64 1.1.1 15.00 NOTE
r-oldrel-macos-x86_64 1.1.1 25.00 NOTE
r-oldrel-windows-x86_64 1.1.1 3.00 49.00 52.00 NOTE

Check Details

Version: 1.1.1
Check: LazyData
Result: NOTE 'LazyData' is specified without a 'data' directory Flavors: r-oldrel-macos-arm64, r-oldrel-macos-x86_64, r-oldrel-windows-x86_64

These binaries (installable software) and packages are in development.
They may not be fully stable and should be used with caution. We make no claims about them.