Last updated on 2025-05-01 12:49:25 CEST.
Flavor | Version | Tinstall | Tcheck | Ttotal | Status | Flags |
---|---|---|---|---|---|---|
r-devel-linux-x86_64-debian-clang | 0.3.2 | 16.11 | 312.36 | 328.47 | NOTE | |
r-devel-linux-x86_64-debian-gcc | 0.3.2 | 10.16 | 242.40 | 252.56 | NOTE | |
r-devel-linux-x86_64-fedora-clang | 0.3.2 | 242.61 | NOTE | |||
r-devel-linux-x86_64-fedora-gcc | 0.3.2 | 229.94 | NOTE | |||
r-devel-windows-x86_64 | 0.3.2 | 18.00 | 304.00 | 322.00 | NOTE | |
r-patched-linux-x86_64 | 0.3.2 | 16.39 | 316.27 | 332.66 | NOTE | |
r-release-linux-x86_64 | NOTE | |||||
r-release-macos-arm64 | 0.3.2 | 173.00 | NOTE | |||
r-release-macos-x86_64 | 0.3.2 | 351.00 | NOTE | |||
r-release-windows-x86_64 | 0.3.2 | 20.00 | 311.00 | 331.00 | NOTE | |
r-oldrel-macos-arm64 | 0.3.2 | 118.00 | OK | |||
r-oldrel-macos-x86_64 | 0.3.2 | 194.00 | OK | |||
r-oldrel-windows-x86_64 | 0.3.2 | 21.00 | 404.00 | 425.00 | OK |
Version: 0.3.2
Check: DESCRIPTION meta-information
Result: NOTE
Missing dependency on R >= 4.1.0 because package code uses the pipe
|> or function shorthand \(...) syntax added in R 4.1.0.
File(s) using such syntax:
‘CRMetrics.R’ ‘CRMetrics.Rd’ ‘inner_functions.R’
Flavors: r-devel-linux-x86_64-debian-clang, r-devel-linux-x86_64-debian-gcc, r-devel-linux-x86_64-fedora-clang, r-devel-linux-x86_64-fedora-gcc, r-devel-windows-x86_64, r-patched-linux-x86_64, r-release-linux-x86_64, r-release-macos-arm64, r-release-windows-x86_64
Version: 0.3.2
Check: examples
Result: NOTE
Examples with CPU (user + system) or elapsed time > 5s
user system elapsed
CRMetrics 4.358 0.129 5.081
Flavor: r-devel-linux-x86_64-debian-clang
Version: 0.3.2
Check: DESCRIPTION meta-information
Result: NOTE
Missing dependency on R >= 4.1.0 because package code uses the pipe
|> or function shorthand \(...) syntax added in R 4.1.0.
File(s) using such syntax:
‘CRMetrics.R’ ‘inner_functions.R’
Flavor: r-release-macos-x86_64
These binaries (installable software) and packages are in development.
They may not be fully stable and should be used with caution. We make no claims about them.