CRAN Package Check Results for Package CRTConjoint

Last updated on 2025-05-08 04:52:02 CEST.

Flavor Version Tinstall Tcheck Ttotal Status Flags
r-devel-linux-x86_64-debian-clang 0.1.0 14.41 37.89 52.30 NOTE
r-devel-linux-x86_64-debian-gcc 0.1.0 10.00 29.04 39.04 NOTE
r-devel-linux-x86_64-fedora-clang 0.1.0 86.72 OK
r-devel-linux-x86_64-fedora-gcc 0.1.0 98.89 OK
r-devel-windows-x86_64 0.1.0 19.00 76.00 95.00 OK
r-patched-linux-x86_64 0.1.0 13.37 35.64 49.01 OK
r-release-linux-x86_64 0.1.0 12.22 35.86 48.08 OK
r-release-macos-arm64 0.1.0 43.00 OK
r-release-macos-x86_64 0.1.0 60.00 OK
r-release-windows-x86_64 0.1.0 19.00 78.00 97.00 OK
r-oldrel-macos-arm64 0.1.0 33.00 OK
r-oldrel-macos-x86_64 0.1.0 51.00 OK
r-oldrel-windows-x86_64 0.1.0 21.00 88.00 109.00 OK

Check Details

Version: 0.1.0
Check: CRAN incoming feasibility
Result: NOTE Maintainer: ‘Dae Woong Ham <daewoongham@g.harvard.edu>’ The Description field contains to Test Causal Hypotheses in Conjoint Analysis" <arXiv:2201.08343>. Please refer to arXiv e-prints via their arXiv DOI <doi:10.48550/arXiv.YYMM.NNNNN>. Flavors: r-devel-linux-x86_64-debian-clang, r-devel-linux-x86_64-debian-gcc

These binaries (installable software) and packages are in development.
They may not be fully stable and should be used with caution. We make no claims about them.