Last updated on 2025-10-23 09:50:42 CEST.
Flavor | Version | Tinstall | Tcheck | Ttotal | Status | Flags |
---|---|---|---|---|---|---|
r-devel-linux-x86_64-debian-clang | 0.1.0 | 12.59 | 40.53 | 53.12 | NOTE | |
r-devel-linux-x86_64-debian-gcc | 0.1.0 | 9.23 | 31.24 | 40.47 | NOTE | |
r-devel-linux-x86_64-fedora-clang | 0.1.0 | 22.00 | 64.97 | 86.97 | OK | |
r-devel-linux-x86_64-fedora-gcc | 0.1.0 | 27.00 | 68.71 | 95.71 | OK | |
r-devel-windows-x86_64 | 0.1.0 | 20.00 | 75.00 | 95.00 | OK | |
r-patched-linux-x86_64 | 0.1.0 | 12.50 | 37.39 | 49.89 | OK | |
r-release-linux-x86_64 | 0.1.0 | 13.77 | 37.75 | 51.52 | OK | |
r-release-macos-arm64 | 0.1.0 | 7.00 | 36.00 | 43.00 | OK | |
r-release-macos-x86_64 | 0.1.0 | 9.00 | 51.00 | 60.00 | OK | |
r-release-windows-x86_64 | 0.1.0 | 19.00 | 79.00 | 98.00 | OK | |
r-oldrel-macos-arm64 | 0.1.0 | 7.00 | 26.00 | 33.00 | OK | |
r-oldrel-macos-x86_64 | 0.1.0 | 9.00 | 42.00 | 51.00 | OK | |
r-oldrel-windows-x86_64 | 0.1.0 | 24.00 | 90.00 | 114.00 | OK |
Version: 0.1.0
Check: CRAN incoming feasibility
Result: NOTE
Maintainer: ‘Dae Woong Ham <daewoongham@g.harvard.edu>’
The Description field contains
to Test Causal Hypotheses in Conjoint Analysis" <arXiv:2201.08343>.
Please refer to arXiv e-prints via their arXiv DOI <doi:10.48550/arXiv.YYMM.NNNNN>.
Flavors: r-devel-linux-x86_64-debian-clang, r-devel-linux-x86_64-debian-gcc
These binaries (installable software) and packages are in development.
They may not be fully stable and should be used with caution. We make no claims about them.