CRAN Package Check Results for Package CRTSize

Last updated on 2025-07-01 11:49:16 CEST.

Flavor Version Tinstall Tcheck Ttotal Status Flags
r-devel-linux-x86_64-debian-clang 1.2 2.96 28.99 31.95 NOTE
r-devel-linux-x86_64-debian-gcc 1.2 2.32 22.55 24.87 NOTE
r-devel-linux-x86_64-fedora-clang 1.2 52.83 OK
r-devel-linux-x86_64-fedora-gcc 1.2 50.69 OK
r-devel-windows-x86_64 1.2 4.00 45.00 49.00 OK
r-patched-linux-x86_64 OK
r-release-linux-x86_64 1.2 2.54 27.87 30.41 OK
r-release-macos-arm64 1.2 19.00 OK
r-release-macos-x86_64 1.2 33.00 OK
r-release-windows-x86_64 1.2 4.00 47.00 51.00 OK
r-oldrel-macos-arm64 1.2 19.00 OK
r-oldrel-macos-x86_64 1.2 27.00 OK
r-oldrel-windows-x86_64 1.2 4.00 46.00 50.00 OK

Check Details

Version: 1.2
Check: CRAN incoming feasibility
Result: NOTE Maintainer: ‘Michael A Rotondi <mrotondi@yorku.ca>’ No Authors@R field in DESCRIPTION. Please add one, modifying Authors@R: person(given = c("Michael", "A"), family = "Rotondi", role = c("aut", "cre"), email = "mrotondi@yorku.ca") as necessary. Flavors: r-devel-linux-x86_64-debian-clang, r-devel-linux-x86_64-debian-gcc

These binaries (installable software) and packages are in development.
They may not be fully stable and should be used with caution. We make no claims about them.