CRAN Package Check Results for Package CSGo

Last updated on 2025-05-01 17:56:00 CEST.

Flavor Version Tinstall Tcheck Ttotal Status Flags
r-devel-linux-x86_64-debian-clang 0.6.7 1.61 26.90 28.51 OK
r-devel-linux-x86_64-debian-gcc 0.6.7 1.63 21.78 23.41 OK
r-devel-linux-x86_64-fedora-clang 0.6.7 44.06 NOTE
r-devel-linux-x86_64-fedora-gcc 0.6.7 58.42 NOTE
r-devel-windows-x86_64 0.6.7 4.00 49.00 53.00 OK
r-patched-linux-x86_64 0.6.7 2.09 24.87 26.96 OK
r-release-linux-x86_64 OK
r-release-macos-arm64 0.6.7 26.00 OK
r-release-macos-x86_64 0.6.7 50.00 OK
r-release-windows-x86_64 0.6.7 4.00 50.00 54.00 OK
r-oldrel-macos-arm64 0.6.7 25.00 OK
r-oldrel-macos-x86_64 0.6.7 35.00 OK
r-oldrel-windows-x86_64 0.6.7 5.00 50.00 55.00 OK

Check Details

Version: 0.6.7
Check: dependencies in R code
Result: NOTE Namespaces in Imports field not imported from: ‘extrafont’ ‘future’ All declared Imports should be used. Flavors: r-devel-linux-x86_64-fedora-clang, r-devel-linux-x86_64-fedora-gcc

These binaries (installable software) and packages are in development.
They may not be fully stable and should be used with caution. We make no claims about them.