Last updated on 2024-07-27 15:50:14 CEST.
Flavor | Version | Tinstall | Tcheck | Ttotal | Status | Flags |
---|---|---|---|---|---|---|
r-devel-linux-x86_64-debian-clang | 5.2.0 | 62.37 | 281.99 | 344.36 | OK | |
r-devel-linux-x86_64-debian-gcc | 5.2.0 | OK | ||||
r-devel-linux-x86_64-fedora-clang | 5.2.0 | 421.09 | NOTE | |||
r-devel-linux-x86_64-fedora-gcc | 5.2.0 | 408.40 | OK | |||
r-devel-windows-x86_64 | 5.2.0 | 56.00 | 215.00 | 271.00 | OK | |
r-patched-linux-x86_64 | 5.2.0 | OK | ||||
r-release-linux-x86_64 | 5.2.0 | 48.59 | 267.71 | 316.30 | OK | |
r-release-macos-arm64 | 5.2.0 | 110.00 | OK | |||
r-release-macos-x86_64 | 5.2.0 | 166.00 | OK | |||
r-release-windows-x86_64 | 5.2.0 | 54.00 | 209.00 | 263.00 | OK | |
r-oldrel-macos-arm64 | 5.2.0 | 119.00 | OK | |||
r-oldrel-macos-x86_64 | 5.2.0 | 240.00 | OK | |||
r-oldrel-windows-x86_64 | 5.2.0 | 66.00 | 271.00 | 337.00 | OK |
Version: 5.2.0
Check: installed package size
Result: NOTE
installed size is 6.6Mb
sub-directories of 1Mb or more:
data 1.9Mb
doc 1.6Mb
libs 2.2Mb
Flavor: r-devel-linux-x86_64-fedora-clang
These binaries (installable software) and packages are in development.
They may not be fully stable and should be used with caution. We make no claims about them.