Last updated on 2025-05-01 17:56:00 CEST.
Flavor | Version | Tinstall | Tcheck | Ttotal | Status | Flags |
---|---|---|---|---|---|---|
r-devel-linux-x86_64-debian-clang | 1.3 | 5.39 | 65.39 | 70.78 | NOTE | |
r-devel-linux-x86_64-debian-gcc | 1.3 | 3.86 | 43.93 | 47.79 | OK | |
r-devel-linux-x86_64-fedora-clang | 1.3 | 107.71 | OK | |||
r-devel-linux-x86_64-fedora-gcc | 1.3 | 105.43 | OK | |||
r-devel-windows-x86_64 | 1.3 | 7.00 | 78.00 | 85.00 | OK | |
r-patched-linux-x86_64 | 1.3 | 4.87 | 58.98 | 63.85 | OK | |
r-release-linux-x86_64 | OK | |||||
r-release-macos-arm64 | 1.3 | 38.00 | OK | |||
r-release-macos-x86_64 | 1.3 | 61.00 | OK | |||
r-release-windows-x86_64 | 1.3 | 7.00 | 79.00 | 86.00 | OK | |
r-oldrel-macos-arm64 | 1.3 | 37.00 | OK | |||
r-oldrel-macos-x86_64 | 1.3 | 92.00 | NOTE | |||
r-oldrel-windows-x86_64 | 1.3 | 8.00 | 91.00 | 99.00 | OK |
Version: 1.3
Check: examples
Result: NOTE
Examples with CPU (user + system) or elapsed time > 5s
user system elapsed
mle.getEncodingLength 4.773 0.039 6.212
mle.getMinPtDistance 4.359 0.046 5.718
mle.getPtDist 4.250 0.032 5.184
mle.getPtBSbyK 4.218 0.016 5.284
Flavor: r-devel-linux-x86_64-debian-clang
Version: 1.3
Check: installed package size
Result: NOTE
installed size is 5.3Mb
sub-directories of 1Mb or more:
data 4.7Mb
Flavor: r-oldrel-macos-x86_64
These binaries (installable software) and packages are in development.
They may not be fully stable and should be used with caution. We make no claims about them.