CRAN Package Check Results for Package CTM

Last updated on 2025-02-23 13:51:08 CET.

Flavor Version Tinstall Tcheck Ttotal Status Flags
r-devel-linux-x86_64-debian-clang 0.2 2.32 25.63 27.95 OK
r-devel-linux-x86_64-debian-gcc 0.2 1.79 20.90 22.69 OK
r-devel-linux-x86_64-fedora-clang 0.2 47.42 OK
r-devel-linux-x86_64-fedora-gcc 0.2 43.82 OK
r-devel-macos-arm64 0.2 18.00 OK
r-devel-macos-x86_64 0.2 30.00 OK
r-devel-windows-x86_64 0.2 4.00 48.00 52.00 OK
r-patched-linux-x86_64 0.2 2.01 24.90 26.91 NOTE
r-release-linux-x86_64 0.2 2.12 24.94 27.06 NOTE
r-release-macos-arm64 0.2 18.00 NOTE
r-release-macos-x86_64 0.2 27.00 NOTE
r-release-windows-x86_64 0.2 3.00 49.00 52.00 NOTE
r-oldrel-macos-arm64 0.2 18.00 NOTE
r-oldrel-macos-x86_64 0.2 25.00 NOTE
r-oldrel-windows-x86_64 0.2 4.00 51.00 55.00 NOTE

Check Details

Version: 0.2
Check: LazyData
Result: NOTE 'LazyData' is specified without a 'data' directory Flavors: r-patched-linux-x86_64, r-release-linux-x86_64, r-release-macos-arm64, r-release-macos-x86_64, r-release-windows-x86_64, r-oldrel-macos-arm64, r-oldrel-macos-x86_64, r-oldrel-windows-x86_64

These binaries (installable software) and packages are in development.
They may not be fully stable and should be used with caution. We make no claims about them.