Last updated on 2025-05-01 17:56:00 CEST.
Flavor | Version | Tinstall | Tcheck | Ttotal | Status | Flags |
---|---|---|---|---|---|---|
r-devel-linux-x86_64-debian-clang | 0.1.0 | 15.83 | 178.25 | 194.08 | NOTE | |
r-devel-linux-x86_64-debian-gcc | 0.1.0 | 11.22 | 128.19 | 139.41 | OK | |
r-devel-linux-x86_64-fedora-clang | 0.1.0 | 320.65 | OK | |||
r-devel-linux-x86_64-fedora-gcc | 0.1.0 | 329.75 | OK | |||
r-devel-windows-x86_64 | 0.1.0 | 13.00 | 148.00 | 161.00 | OK | |
r-patched-linux-x86_64 | 0.1.0 | 15.38 | 164.47 | 179.85 | OK | |
r-release-linux-x86_64 | OK | |||||
r-release-macos-arm64 | 0.1.0 | 232.00 | OK | |||
r-release-macos-x86_64 | 0.1.0 | 175.00 | OK | |||
r-release-windows-x86_64 | 0.1.0 | 14.00 | 149.00 | 163.00 | OK | |
r-oldrel-macos-arm64 | 0.1.0 | 138.00 | OK | |||
r-oldrel-macos-x86_64 | 0.1.0 | 246.00 | OK | |||
r-oldrel-windows-x86_64 | 0.1.0 | 15.00 | 178.00 | 193.00 | OK |
Version: 0.1.0
Check: examples
Result: NOTE
Examples with CPU (user + system) or elapsed time > 5s
user system elapsed
deleteRingFromImage 4.692 0.633 6.762
addRingFromImage 4.031 0.636 5.917
verifyPith 3.697 0.687 5.074
plotImageProfile 3.824 0.531 5.914
calcAvgDens 3.358 0.682 5.076
Flavor: r-devel-linux-x86_64-debian-clang
These binaries (installable software) and packages are in development.
They may not be fully stable and should be used with caution. We make no claims about them.