CRAN Package Check Results for Package CTT

Last updated on 2025-02-16 10:50:44 CET.

Flavor Version Tinstall Tcheck Ttotal Status Flags
r-devel-linux-x86_64-debian-clang 2.3.3 2.47 22.44 24.91 NOTE
r-devel-linux-x86_64-debian-gcc 2.3.3 1.77 17.58 19.35 NOTE
r-devel-linux-x86_64-fedora-clang 2.3.3 42.22 NOTE
r-devel-linux-x86_64-fedora-gcc 2.3.3 38.30 NOTE
r-devel-macos-arm64 2.3.3 15.00 OK
r-devel-macos-x86_64 2.3.3 26.00 OK
r-devel-windows-x86_64 2.3.3 4.00 42.00 46.00 OK
r-patched-linux-x86_64 2.3.3 2.19 20.94 23.13 NOTE
r-release-linux-x86_64 2.3.3 1.88 21.33 23.21 NOTE
r-release-macos-arm64 2.3.3 16.00 OK
r-release-macos-x86_64 2.3.3 25.00 OK
r-release-windows-x86_64 2.3.3 3.00 41.00 44.00 OK
r-oldrel-macos-arm64 2.3.3 17.00 OK
r-oldrel-macos-x86_64 2.3.3 22.00 OK
r-oldrel-windows-x86_64 2.3.3 7.00 43.00 50.00 OK

Check Details

Version: 2.3.3
Check: for non-standard things in the check directory
Result: NOTE Found the following files/directories: ‘Hello.csv’ Flavors: r-devel-linux-x86_64-debian-clang, r-devel-linux-x86_64-debian-gcc, r-devel-linux-x86_64-fedora-clang, r-devel-linux-x86_64-fedora-gcc, r-patched-linux-x86_64, r-release-linux-x86_64

These binaries (installable software) and packages are in development.
They may not be fully stable and should be used with caution. We make no claims about them.