Last updated on 2025-07-02 01:51:34 CEST.
Flavor | Version | Tinstall | Tcheck | Ttotal | Status | Flags |
---|---|---|---|---|---|---|
r-devel-linux-x86_64-debian-clang | 1.9 | 14.18 | 97.91 | 112.09 | NOTE | |
r-devel-linux-x86_64-debian-gcc | 1.9 | 9.28 | 70.93 | 80.21 | NOTE | |
r-devel-linux-x86_64-fedora-clang | 1.9 | 173.43 | OK | |||
r-devel-linux-x86_64-fedora-gcc | 1.9 | 159.65 | OK | |||
r-devel-windows-x86_64 | 1.9 | 14.00 | 102.00 | 116.00 | OK | |
r-patched-linux-x86_64 | OK | |||||
r-release-linux-x86_64 | 1.9 | 11.34 | 89.83 | 101.17 | OK | |
r-release-macos-arm64 | 1.9 | 44.00 | OK | |||
r-release-macos-x86_64 | 1.9 | 83.00 | OK | |||
r-release-windows-x86_64 | 1.9 | 15.00 | 100.00 | 115.00 | OK | |
r-oldrel-macos-arm64 | 1.9 | 44.00 | OK | |||
r-oldrel-macos-x86_64 | 1.9 | 63.00 | OK | |||
r-oldrel-windows-x86_64 | 1.9 | 19.00 | 126.00 | 145.00 | OK |
Version: 1.9
Check: CRAN incoming feasibility
Result: NOTE
Maintainer: ‘Charles-Édouard Giguère <ce.giguere@gmail.com>’
No Authors@R field in DESCRIPTION.
Please add one, modifying
Authors@R: person(given = "Charles-Édouard",
family = "Giguère",
role = c("aut", "cre"),
email = "ce.giguere@gmail.com")
as necessary.
Flavors: r-devel-linux-x86_64-debian-clang, r-devel-linux-x86_64-debian-gcc
These binaries (installable software) and packages are in development.
They may not be fully stable and should be used with caution. We make no claims about them.