Last updated on 2025-05-01 17:56:00 CEST.
Flavor | Version | Tinstall | Tcheck | Ttotal | Status | Flags |
---|---|---|---|---|---|---|
r-devel-linux-x86_64-debian-clang | 1.0.2 | 4.21 | 31.16 | 35.37 | NOTE | |
r-devel-linux-x86_64-debian-gcc | 1.0.2 | 3.29 | 22.45 | 25.74 | NOTE | |
r-devel-linux-x86_64-fedora-clang | 1.0.2 | 54.81 | OK | |||
r-devel-linux-x86_64-fedora-gcc | 1.0.2 | 52.93 | OK | |||
r-devel-windows-x86_64 | 1.0.2 | 5.00 | 60.00 | 65.00 | OK | |
r-patched-linux-x86_64 | 1.0.2 | 4.69 | 29.20 | 33.89 | OK | |
r-release-linux-x86_64 | OK | |||||
r-release-macos-arm64 | 1.0.2 | 19.00 | OK | |||
r-release-macos-x86_64 | 1.0.2 | 36.00 | OK | |||
r-release-windows-x86_64 | 1.0.2 | 6.00 | 61.00 | 67.00 | OK | |
r-oldrel-macos-arm64 | 1.0.2 | 18.00 | NOTE | |||
r-oldrel-macos-x86_64 | 1.0.2 | 30.00 | NOTE | |||
r-oldrel-windows-x86_64 | 1.0.2 | 6.00 | 56.00 | 62.00 | NOTE |
Version: 1.0.2
Check: CRAN incoming feasibility
Result: NOTE
Maintainer: ‘Jose Gama <rxprtgama@gmail.com>’
Found the following URLs which should use \doi (with the DOI name only):
File ‘scoreRoth28Graphic.Rd’:
http://dx.doi.org/10.1016/S0042-6989(97)00433-1
Flavors: r-devel-linux-x86_64-debian-clang, r-devel-linux-x86_64-debian-gcc
Version: 1.0.2
Check: package dependencies
Result: NOTE
Package which this enhances but not available for checking: ‘RGtk2’
Flavors: r-oldrel-macos-arm64, r-oldrel-macos-x86_64, r-oldrel-windows-x86_64
These binaries (installable software) and packages are in development.
They may not be fully stable and should be used with caution. We make no claims about them.