CRAN Package Check Results for Package CVR

Last updated on 2025-05-21 21:49:13 CEST.

Flavor Version Tinstall Tcheck Ttotal Status Flags
r-devel-linux-x86_64-debian-clang 0.1.1 29.48 30.60 60.08 NOTE
r-devel-linux-x86_64-debian-gcc 0.1.1 24.45 23.84 48.29 NOTE
r-devel-linux-x86_64-fedora-clang 0.1.1 106.07 OK
r-devel-linux-x86_64-fedora-gcc 0.1.1 120.53 OK
r-devel-windows-x86_64 0.1.1 40.00 68.00 108.00 NOTE
r-patched-linux-x86_64 0.1.1 34.06 29.19 63.25 NOTE
r-release-linux-x86_64 0.1.1 32.15 29.25 61.40 NOTE
r-release-macos-arm64 0.1.1 32.00 OK
r-release-macos-x86_64 0.1.1 55.00 OK
r-release-windows-x86_64 0.1.1 39.00 85.00 124.00 NOTE
r-oldrel-macos-arm64 0.1.1 33.00 NOTE
r-oldrel-macos-x86_64 0.1.1 44.00 NOTE
r-oldrel-windows-x86_64 0.1.1 45.00 77.00 122.00 OK

Check Details

Version: 0.1.1
Check: CRAN incoming feasibility
Result: NOTE Maintainer: ‘Chongliang Luo <chongliang.luo@uconn.edu>’ No Authors@R field in DESCRIPTION. Please add one, modifying Authors@R: c(person(given = "Chongliang", family = "Luo", role = c("aut", "cre"), email = "chongliang.luo@uconn.edu"), person(given = "Kun", family = "Chen.", role = "aut")) as necessary. Flavors: r-devel-linux-x86_64-debian-clang, r-devel-linux-x86_64-debian-gcc

Version: 0.1.1
Check: Rd cross-references
Result: NOTE Found the following Rd file(s) with Rd \link{} targets missing package anchors: SparseCCA.Rd: CCA, CCA.permute Please provide package anchors for all Rd \link{} targets not in the package itself and the base packages. Flavors: r-devel-linux-x86_64-debian-clang, r-devel-linux-x86_64-debian-gcc, r-devel-windows-x86_64, r-patched-linux-x86_64, r-release-linux-x86_64, r-release-windows-x86_64

Version: 0.1.1
Check: installed package size
Result: NOTE installed size is 5.0Mb sub-directories of 1Mb or more: libs 4.2Mb Flavors: r-oldrel-macos-arm64, r-oldrel-macos-x86_64

These binaries (installable software) and packages are in development.
They may not be fully stable and should be used with caution. We make no claims about them.