CRAN Package Check Results for Package CVThresh

Last updated on 2025-07-02 03:50:39 CEST.

Flavor Version Tinstall Tcheck Ttotal Status Flags
r-devel-linux-x86_64-debian-clang 1.1.2 2.57 26.41 28.98 NOTE
r-devel-linux-x86_64-debian-gcc 1.1.2 1.72 21.18 22.90 NOTE
r-devel-linux-x86_64-fedora-clang 1.1.2 45.74 OK
r-devel-linux-x86_64-fedora-gcc 1.1.2 43.09 OK
r-devel-windows-x86_64 1.1.2 5.00 48.00 53.00 OK
r-patched-linux-x86_64 OK
r-release-linux-x86_64 1.1.2 2.57 24.77 27.34 OK
r-release-macos-arm64 1.1.2 18.00 OK
r-release-macos-x86_64 1.1.2 29.00 OK
r-release-windows-x86_64 1.1.2 4.00 48.00 52.00 OK
r-oldrel-macos-arm64 1.1.2 19.00 OK
r-oldrel-macos-x86_64 1.1.2 26.00 OK
r-oldrel-windows-x86_64 1.1.2 5.00 53.00 58.00 OK

Check Details

Version: 1.1.2
Check: CRAN incoming feasibility
Result: NOTE Maintainer: ‘Donghoh Kim <donghoh.kim@gmail.com>’ No Authors@R field in DESCRIPTION. Please add one, modifying Authors@R: c(person(given = "Donghoh", family = "Kim", role = c("aut", "cre"), email = "donghoh.kim@gmail.com"), person(given = "Hee-Seok", family = "Oh", role = "aut", email = "heeseok@stats.snu.ac.kr")) as necessary. Flavors: r-devel-linux-x86_64-debian-clang, r-devel-linux-x86_64-debian-gcc

These binaries (installable software) and packages are in development.
They may not be fully stable and should be used with caution. We make no claims about them.