Last updated on 2025-02-16 10:50:44 CET.
Flavor | Version | Tinstall | Tcheck | Ttotal | Status | Flags |
---|---|---|---|---|---|---|
r-devel-linux-x86_64-debian-clang | 1.0-15 | 125.55 | 293.64 | 419.19 | OK | |
r-devel-linux-x86_64-debian-gcc | 1.0-15 | 83.24 | 194.08 | 277.32 | OK | |
r-devel-linux-x86_64-fedora-clang | 1.0-15 | 743.36 | OK | |||
r-devel-linux-x86_64-fedora-gcc | 1.0-15 | 707.25 | OK | |||
r-devel-macos-arm64 | 1.0-15 | 157.00 | OK | |||
r-devel-macos-x86_64 | 1.0-15 | 367.00 | OK | |||
r-devel-windows-x86_64 | 1.0-15 | 128.00 | 337.00 | 465.00 | OK | |
r-patched-linux-x86_64 | 1.0-15 | 126.24 | 272.49 | 398.73 | NOTE | |
r-release-linux-x86_64 | 1.0-15 | 122.15 | 273.62 | 395.77 | NOTE | |
r-release-macos-arm64 | 1.0-15 | 184.00 | NOTE | |||
r-release-macos-x86_64 | 1.0-15 | 321.00 | NOTE | |||
r-release-windows-x86_64 | 1.0-15 | 134.00 | 339.00 | 473.00 | NOTE | |
r-oldrel-macos-arm64 | 1.0-15 | 163.00 | NOTE | |||
r-oldrel-macos-x86_64 | 1.0-15 | 284.00 | NOTE | |||
r-oldrel-windows-x86_64 | 1.0-15 | 167.00 | 423.00 | 590.00 | NOTE |
Version: 1.0-15
Check: package dependencies
Result: NOTE
Packages which this enhances but not available for checking:
'gurobi', 'rcbc'
Flavors: r-patched-linux-x86_64, r-release-linux-x86_64
Version: 1.0-15
Check: package dependencies
Result: NOTE
Packages which this enhances but not available for checking:
'Rcplex', 'gurobi', 'rcbc'
Flavors: r-release-macos-arm64, r-release-macos-x86_64, r-release-windows-x86_64, r-oldrel-macos-arm64, r-oldrel-macos-x86_64, r-oldrel-windows-x86_64
Version: 1.0-15
Check: installed package size
Result: NOTE
installed size is 10.5Mb
sub-directories of 1Mb or more:
R 3.1Mb
doc 1.2Mb
help 1.1Mb
libs 4.7Mb
Flavors: r-release-macos-arm64, r-release-macos-x86_64, r-release-windows-x86_64, r-oldrel-macos-arm64, r-oldrel-macos-x86_64, r-oldrel-windows-x86_64
These binaries (installable software) and packages are in development.
They may not be fully stable and should be used with caution. We make no claims about them.