Last updated on 2025-10-24 01:50:23 CEST.
| Flavor | Version | Tinstall | Tcheck | Ttotal | Status | Flags |
|---|---|---|---|---|---|---|
| r-devel-linux-x86_64-debian-clang | 1.0 | 6.53 | 58.93 | 65.46 | NOTE | |
| r-devel-linux-x86_64-debian-gcc | 1.0 | 4.36 | 42.37 | 46.73 | OK | |
| r-devel-linux-x86_64-fedora-clang | 1.0 | 13.00 | 85.99 | 98.99 | OK | |
| r-devel-linux-x86_64-fedora-gcc | 1.0 | 18.00 | 75.04 | 93.04 | OK | |
| r-devel-windows-x86_64 | 1.0 | 8.00 | 75.00 | 83.00 | OK | |
| r-patched-linux-x86_64 | 1.0 | 6.55 | 54.55 | 61.10 | OK | |
| r-release-linux-x86_64 | 1.0 | 6.12 | 54.00 | 60.12 | OK | |
| r-release-macos-arm64 | 1.0 | 3.00 | 30.00 | 33.00 | OK | |
| r-release-macos-x86_64 | 1.0 | 5.00 | 42.00 | 47.00 | OK | |
| r-release-windows-x86_64 | 1.0 | 9.00 | 73.00 | 82.00 | OK | |
| r-oldrel-macos-arm64 | 1.0 | 3.00 | 25.00 | 28.00 | NOTE | |
| r-oldrel-macos-x86_64 | 1.0 | 3.00 | 38.00 | 41.00 | NOTE | |
| r-oldrel-windows-x86_64 | 1.0 | 11.00 | 94.00 | 105.00 | NOTE |
Version: 1.0
Check: HTML version of manual
Result: NOTE
Found the following HTML validation problems:
print.CVglasso.html:51:1 (print.CVglasso.Rd:12): Warning: missing </ul> before </div>
Flavor: r-devel-linux-x86_64-debian-clang
Version: 1.0
Check: LazyData
Result: NOTE
'LazyData' is specified without a 'data' directory
Flavors: r-oldrel-macos-arm64, r-oldrel-macos-x86_64, r-oldrel-windows-x86_64
These binaries (installable software) and packages are in development.
They may not be fully stable and should be used with caution. We make no claims about them.