CRAN Package Check Results for Package CVglasso

Last updated on 2025-02-16 10:50:44 CET.

Flavor Version Tinstall Tcheck Ttotal Status Flags
r-devel-linux-x86_64-debian-clang 1.0 5.15 42.09 47.24 OK
r-devel-linux-x86_64-debian-gcc 1.0 3.70 30.43 34.13 OK
r-devel-linux-x86_64-fedora-clang 1.0 79.29 OK
r-devel-linux-x86_64-fedora-gcc 1.0 70.88 OK
r-devel-macos-arm64 1.0 29.00 OK
r-devel-macos-x86_64 1.0 52.00 OK
r-devel-windows-x86_64 1.0 6.00 65.00 71.00 OK
r-patched-linux-x86_64 1.0 4.93 38.59 43.52 NOTE
r-release-linux-x86_64 1.0 5.11 39.20 44.31 NOTE
r-release-macos-arm64 1.0 28.00 NOTE
r-release-macos-x86_64 1.0 41.00 NOTE
r-release-windows-x86_64 1.0 7.00 64.00 71.00 NOTE
r-oldrel-macos-arm64 1.0 29.00 NOTE
r-oldrel-macos-x86_64 1.0 42.00 NOTE
r-oldrel-windows-x86_64 1.0 9.00 73.00 82.00 NOTE

Check Details

Version: 1.0
Check: LazyData
Result: NOTE 'LazyData' is specified without a 'data' directory Flavors: r-patched-linux-x86_64, r-release-linux-x86_64, r-release-macos-arm64, r-release-macos-x86_64, r-release-windows-x86_64, r-oldrel-macos-arm64, r-oldrel-macos-x86_64, r-oldrel-windows-x86_64

These binaries (installable software) and packages are in development.
They may not be fully stable and should be used with caution. We make no claims about them.