Last updated on 2025-05-01 17:55:59 CEST.
Flavor | Version | Tinstall | Tcheck | Ttotal | Status | Flags |
---|---|---|---|---|---|---|
r-devel-linux-x86_64-debian-clang | 0.2.1 | 7.33 | 46.52 | 53.85 | OK | |
r-devel-linux-x86_64-debian-gcc | 0.2.1 | 4.80 | 34.35 | 39.15 | OK | |
r-devel-linux-x86_64-fedora-clang | 0.2.1 | 76.36 | OK | |||
r-devel-linux-x86_64-fedora-gcc | 0.2.1 | 75.61 | OK | |||
r-devel-windows-x86_64 | 0.2.1 | 12.00 | 65.00 | 77.00 | OK | |
r-patched-linux-x86_64 | 0.2.1 | 7.95 | 42.92 | 50.87 | OK | |
r-release-linux-x86_64 | OK | |||||
r-release-macos-arm64 | 0.2.1 | 29.00 | OK | |||
r-release-macos-x86_64 | 0.2.1 | 51.00 | OK | |||
r-release-windows-x86_64 | 0.2.1 | 12.00 | 66.00 | 78.00 | OK | |
r-oldrel-macos-arm64 | 0.2.1 | 28.00 | NOTE | |||
r-oldrel-macos-x86_64 | 0.2.1 | 68.00 | NOTE | |||
r-oldrel-windows-x86_64 | 0.2.1 | 13.00 | 73.00 | 86.00 | NOTE |
Version: 0.2.1
Check: installed package size
Result: NOTE
installed size is 6.2Mb
sub-directories of 1Mb or more:
entry_level 1.7Mb
virtual_patient_simulator 3.1Mb
Flavors: r-oldrel-macos-arm64, r-oldrel-macos-x86_64, r-oldrel-windows-x86_64
These binaries (installable software) and packages are in development.
They may not be fully stable and should be used with caution. We make no claims about them.