Last updated on 2025-10-24 11:50:42 CEST.
| Flavor | Version | Tinstall | Tcheck | Ttotal | Status | Flags |
|---|---|---|---|---|---|---|
| r-devel-linux-x86_64-debian-clang | 1.6-5 | 8.67 | 25.09 | 33.76 | OK | |
| r-devel-linux-x86_64-debian-gcc | 1.6-5 | 6.97 | 20.36 | 27.33 | OK | |
| r-devel-linux-x86_64-fedora-clang | 1.6-5 | 26.00 | 26.08 | 52.08 | OK | |
| r-devel-linux-x86_64-fedora-gcc | 1.6-5 | 28.00 | 22.74 | 50.74 | OK | |
| r-devel-windows-x86_64 | 1.6-5 | 27.00 | 84.00 | 111.00 | OK | |
| r-patched-linux-x86_64 | 1.6-5 | 6.98 | 23.87 | 30.85 | OK | |
| r-release-linux-x86_64 | 1.6-5 | 7.35 | 23.73 | 31.08 | OK | |
| r-release-macos-arm64 | 1.6-5 | 23.00 | 52.00 | 75.00 | OK | |
| r-release-macos-x86_64 | 1.6-5 | 49.00 | 72.00 | 121.00 | OK | |
| r-release-windows-x86_64 | 1.6-5 | 37.00 | 108.00 | 145.00 | OK | |
| r-oldrel-macos-arm64 | 1.6-5 | 21.00 | 49.00 | 70.00 | NOTE | |
| r-oldrel-macos-x86_64 | 1.6-5 | 42.00 | 61.00 | 103.00 | NOTE | |
| r-oldrel-windows-x86_64 | 1.6-5 | 37.00 | 113.00 | 150.00 | NOTE |
Version: 1.6-5
Check: installed package size
Result: NOTE
installed size is 65.0Mb
sub-directories of 1Mb or more:
libs 64.9Mb
Flavors: r-oldrel-macos-arm64, r-oldrel-macos-x86_64, r-oldrel-windows-x86_64
These binaries (installable software) and packages are in development.
They may not be fully stable and should be used with caution. We make no claims about them.