Last updated on 2025-10-03 15:49:44 CEST.
Flavor | Version | Tinstall | Tcheck | Ttotal | Status | Flags |
---|---|---|---|---|---|---|
r-devel-linux-x86_64-debian-clang | 0.1.2 | 12.36 | 102.62 | 114.98 | NOTE | |
r-devel-linux-x86_64-debian-gcc | 0.1.2 | 9.02 | 69.44 | 78.46 | NOTE | |
r-devel-linux-x86_64-fedora-clang | 0.1.2 | 175.55 | OK | |||
r-devel-linux-x86_64-fedora-gcc | 0.1.2 | 171.48 | OK | |||
r-devel-windows-x86_64 | 0.1.2 | 18.00 | 116.00 | 134.00 | OK | |
r-patched-linux-x86_64 | 0.1.2 | 12.34 | 95.55 | 107.89 | OK | |
r-release-linux-x86_64 | 0.1.2 | 12.61 | 95.96 | 108.57 | OK | |
r-release-macos-arm64 | 0.1.2 | 50.00 | OK | |||
r-release-macos-x86_64 | 0.1.2 | 87.00 | OK | |||
r-release-windows-x86_64 | 0.1.2 | 16.00 | 110.00 | 126.00 | OK | |
r-oldrel-macos-arm64 | 0.1.2 | 48.00 | OK | |||
r-oldrel-macos-x86_64 | 0.1.2 | 77.00 | OK | |||
r-oldrel-windows-x86_64 | 0.1.2 | 20.00 | 138.00 | 158.00 | OK |
Version: 0.1.2
Check: CRAN incoming feasibility
Result: NOTE
Maintainer: ‘Dominik Heider <heiderd@mathematik.uni-marburg.de>’
No Authors@R field in DESCRIPTION.
Please add one, modifying
Authors@R: c(person(given = "Johanna",
family = "Schwarz",
role = "aut"),
person(given = "Dominik",
family = "Heider",
role = c("aut", "cre"),
email = "heiderd@mathematik.uni-marburg.de"))
as necessary.
Flavors: r-devel-linux-x86_64-debian-clang, r-devel-linux-x86_64-debian-gcc
These binaries (installable software) and packages are in development.
They may not be fully stable and should be used with caution. We make no claims about them.