Last updated on 2025-05-01 12:49:24 CEST.
Flavor | Version | Tinstall | Tcheck | Ttotal | Status | Flags |
---|---|---|---|---|---|---|
r-devel-linux-x86_64-debian-clang | 1.0.0 | 12.45 | 100.44 | 112.89 | NOTE | |
r-devel-linux-x86_64-debian-gcc | 1.0.0 | 8.71 | 69.68 | 78.39 | NOTE | |
r-devel-linux-x86_64-fedora-clang | 1.0.0 | 169.78 | OK | |||
r-devel-linux-x86_64-fedora-gcc | 1.0.0 | 170.69 | OK | |||
r-devel-windows-x86_64 | 1.0.0 | 13.00 | 97.00 | 110.00 | OK | |
r-patched-linux-x86_64 | 1.0.0 | 11.50 | 90.60 | 102.10 | OK | |
r-release-linux-x86_64 | OK | |||||
r-release-macos-arm64 | 1.0.0 | 46.00 | OK | |||
r-release-macos-x86_64 | 1.0.0 | 85.00 | OK | |||
r-release-windows-x86_64 | 1.0.0 | 14.00 | 100.00 | 114.00 | OK | |
r-oldrel-macos-arm64 | 1.0.0 | 47.00 | OK | |||
r-oldrel-macos-x86_64 | 1.0.0 | 70.00 | OK | |||
r-oldrel-windows-x86_64 | 1.0.0 | 17.00 | 123.00 | 140.00 | OK |
Version: 1.0.0
Check: CRAN incoming feasibility
Result: NOTE
Maintainer: ‘Michal Burdukiewicz <michalburdukiewicz@gmail.com>’
Package CITATION file contains call(s) to old-style citEntry(). Please
use bibentry() instead.
Flavors: r-devel-linux-x86_64-debian-clang, r-devel-linux-x86_64-debian-gcc
These binaries (installable software) and packages are in development.
They may not be fully stable and should be used with caution. We make no claims about them.