Last updated on 2025-10-24 01:50:21 CEST.
| Flavor | Version | Tinstall | Tcheck | Ttotal | Status | Flags |
|---|---|---|---|---|---|---|
| r-devel-linux-x86_64-debian-clang | 3.0.0 | 11.59 | 26.76 | 38.35 | NOTE | |
| r-devel-linux-x86_64-debian-gcc | 3.0.0 | 7.79 | 21.67 | 29.46 | NOTE | |
| r-devel-linux-x86_64-fedora-clang | 3.0.0 | 28.00 | 33.65 | 61.65 | OK | |
| r-devel-linux-x86_64-fedora-gcc | 3.0.0 | 21.00 | 37.78 | 58.78 | OK | |
| r-devel-windows-x86_64 | 3.0.0 | 15.00 | 59.00 | 74.00 | OK | |
| r-patched-linux-x86_64 | 3.0.0 | 9.79 | 25.82 | 35.61 | OK | |
| r-release-linux-x86_64 | 3.0.0 | 11.35 | 25.60 | 36.95 | OK | |
| r-release-macos-arm64 | 3.0.0 | 5.00 | 20.00 | 25.00 | OK | |
| r-release-macos-x86_64 | 3.0.0 | 7.00 | 27.00 | 34.00 | OK | |
| r-release-windows-x86_64 | 3.0.0 | 15.00 | 62.00 | 77.00 | OK | |
| r-oldrel-macos-arm64 | 3.0.0 | 6.00 | 21.00 | 27.00 | OK | |
| r-oldrel-macos-x86_64 | 3.0.0 | 8.00 | 24.00 | 32.00 | OK | |
| r-oldrel-windows-x86_64 | 3.0.0 | 17.00 | 73.00 | 90.00 | OK |
Version: 3.0.0
Check: CRAN incoming feasibility
Result: NOTE
Maintainer: ‘Stéphane Laurent <laurent_step@outlook.fr>’
No Authors@R field in DESCRIPTION.
Please add one, modifying
Authors@R: person(given = "Stéphane",
family = "Laurent",
role = c("aut", "cre"),
email = "laurent_step@outlook.fr")
as necessary.
Flavors: r-devel-linux-x86_64-debian-clang, r-devel-linux-x86_64-debian-gcc
These binaries (installable software) and packages are in development.
They may not be fully stable and should be used with caution. We make no claims about them.