CRAN Package Check Results for Package Cascade

Last updated on 2025-05-08 04:52:00 CEST.

Flavor Version Tinstall Tcheck Ttotal Status Flags
r-devel-linux-x86_64-debian-clang 2.1 10.67 109.74 120.41 NOTE
r-devel-linux-x86_64-debian-gcc 2.1 8.58 77.39 85.97 NOTE
r-devel-linux-x86_64-fedora-clang 2.1 200.10 OK
r-devel-linux-x86_64-fedora-gcc 2.1 188.68 OK
r-devel-windows-x86_64 2.1 13.00 112.00 125.00 OK
r-patched-linux-x86_64 2.1 11.73 100.42 112.15 OK
r-release-linux-x86_64 2.1 12.52 99.80 112.32 OK
r-release-macos-arm64 2.1 86.00 OK
r-release-macos-x86_64 2.1 118.00 OK
r-release-windows-x86_64 2.1 14.00 117.00 131.00 OK
r-oldrel-macos-arm64 2.1 56.00 OK
r-oldrel-macos-x86_64 2.1 84.00 OK
r-oldrel-windows-x86_64 2.1 17.00 141.00 158.00 OK

Check Details

Version: 2.1
Check: CRAN incoming feasibility
Result: NOTE Maintainer: ‘Frederic Bertrand <frederic.bertrand@utt.fr>’ Package CITATION file contains call(s) to old-style personList() or as.personList(). Please use c() on person objects instead. Package CITATION file contains call(s) to old-style citEntry(). Please use bibentry() instead. Flavors: r-devel-linux-x86_64-debian-clang, r-devel-linux-x86_64-debian-gcc

These binaries (installable software) and packages are in development.
They may not be fully stable and should be used with caution. We make no claims about them.