Last updated on 2025-07-02 03:50:37 CEST.
Flavor | Version | Tinstall | Tcheck | Ttotal | Status | Flags |
---|---|---|---|---|---|---|
r-devel-linux-x86_64-debian-clang | 2.1 | 10.41 | 106.44 | 116.85 | NOTE | |
r-devel-linux-x86_64-debian-gcc | 2.1 | 8.51 | 77.30 | 85.81 | NOTE | |
r-devel-linux-x86_64-fedora-clang | 2.1 | 181.62 | OK | |||
r-devel-linux-x86_64-fedora-gcc | 2.1 | 186.89 | OK | |||
r-devel-windows-x86_64 | 2.1 | 14.00 | 112.00 | 126.00 | OK | |
r-patched-linux-x86_64 | OK | |||||
r-release-linux-x86_64 | 2.1 | 10.54 | 100.06 | 110.60 | OK | |
r-release-macos-arm64 | 2.1 | 86.00 | OK | |||
r-release-macos-x86_64 | 2.1 | 118.00 | OK | |||
r-release-windows-x86_64 | 2.1 | 14.00 | 113.00 | 127.00 | OK | |
r-oldrel-macos-arm64 | 2.1 | 56.00 | OK | |||
r-oldrel-macos-x86_64 | 2.1 | 84.00 | OK | |||
r-oldrel-windows-x86_64 | 2.1 | 16.00 | 139.00 | 155.00 | OK |
Version: 2.1
Check: CRAN incoming feasibility
Result: NOTE
Maintainer: ‘Frederic Bertrand <frederic.bertrand@utt.fr>’
Package CITATION file contains call(s) to old-style personList() or
as.personList(). Please use c() on person objects instead.
Package CITATION file contains call(s) to old-style citEntry(). Please
use bibentry() instead.
Flavors: r-devel-linux-x86_64-debian-clang, r-devel-linux-x86_64-debian-gcc
These binaries (installable software) and packages are in development.
They may not be fully stable and should be used with caution. We make no claims about them.