Last updated on 2025-10-24 11:50:42 CEST.
| Flavor | Version | Tinstall | Tcheck | Ttotal | Status | Flags |
|---|---|---|---|---|---|---|
| r-devel-linux-x86_64-debian-clang | 1.1-1 | 108.03 | 259.54 | 367.57 | NOTE | |
| r-devel-linux-x86_64-debian-gcc | 1.1-1 | 75.42 | 147.42 | 222.84 | NOTE | |
| r-devel-linux-x86_64-fedora-clang | 1.1-1 | 234.00 | 376.23 | 610.23 | OK | |
| r-devel-linux-x86_64-fedora-gcc | 1.1-1 | 242.00 | 332.02 | 574.02 | OK | |
| r-devel-windows-x86_64 | 1.1-1 | 83.00 | 185.00 | 268.00 | OK | |
| r-patched-linux-x86_64 | 1.1-1 | 109.56 | 242.09 | 351.65 | OK | |
| r-release-linux-x86_64 | 1.1-1 | 108.07 | 243.25 | 351.32 | OK | |
| r-release-macos-arm64 | 1.1-1 | 44.00 | 68.00 | 112.00 | OK | |
| r-release-macos-x86_64 | 1.1-1 | 104.00 | 185.00 | 289.00 | OK | |
| r-release-windows-x86_64 | 1.1-1 | 93.00 | 186.00 | 279.00 | OK | |
| r-oldrel-macos-arm64 | 1.1-1 | 42.00 | 66.00 | 108.00 | OK | |
| r-oldrel-macos-x86_64 | 1.1-1 | 77.00 | 129.00 | 206.00 | OK | |
| r-oldrel-windows-x86_64 | 1.1-1 | 96.00 | 255.00 | 351.00 | OK |
Version: 1.1-1
Check: CRAN incoming feasibility
Result: NOTE
Maintainer: ‘Ruben H. Roa-Ureta <ruben.roa.ureta@mail.com>’
No Authors@R field in DESCRIPTION.
Please add one, modifying
Authors@R: person(given = c("Ruben", "H."),
family = "Roa-Ureta",
role = c("aut", "cre"),
email = "ruben.roa.ureta@mail.com")
as necessary.
Package CITATION file contains call(s) to old-style personList() or
as.personList(). Please use c() on person objects instead.
Package CITATION file contains call(s) to old-style citEntry(). Please
use bibentry() instead.
Flavors: r-devel-linux-x86_64-debian-clang, r-devel-linux-x86_64-debian-gcc
These binaries (installable software) and packages are in development.
They may not be fully stable and should be used with caution. We make no claims about them.