CRAN Package Check Results for Package CatEncoders

Last updated on 2025-04-16 03:50:12 CEST.

Flavor Version Tinstall Tcheck Ttotal Status Flags
r-devel-linux-x86_64-debian-clang 0.1.1 2.03 23.26 25.29 OK
r-devel-linux-x86_64-debian-gcc 0.1.1 1.56 17.88 19.44 OK
r-devel-linux-x86_64-fedora-clang 0.1.1 39.34 NOTE
r-devel-linux-x86_64-fedora-gcc 0.1.1 37.72 NOTE
r-devel-windows-x86_64 0.1.1 3.00 45.00 48.00 OK
r-patched-linux-x86_64 0.1.1 2.46 22.24 24.70 OK
r-release-linux-x86_64 0.1.1 1.72 21.74 23.46 OK
r-release-macos-arm64 0.1.1 21.00 OK
r-release-macos-x86_64 0.1.1 30.00 OK
r-release-windows-x86_64 0.1.1 4.00 46.00 50.00 OK
r-oldrel-macos-arm64 0.1.1 17.00 NOTE
r-oldrel-macos-x86_64 0.1.1 28.00 NOTE
r-oldrel-windows-x86_64 0.1.1 4.00 48.00 52.00 NOTE

Check Details

Version: 0.1.1
Check: dependencies in R code
Result: NOTE Namespace in Imports field not imported from: ‘Matrix’ All declared Imports should be used. Flavors: r-devel-linux-x86_64-fedora-clang, r-devel-linux-x86_64-fedora-gcc

Version: 0.1.1
Check: LazyData
Result: NOTE 'LazyData' is specified without a 'data' directory Flavors: r-oldrel-macos-arm64, r-oldrel-macos-x86_64, r-oldrel-windows-x86_64

These binaries (installable software) and packages are in development.
They may not be fully stable and should be used with caution. We make no claims about them.