Last updated on 2025-10-30 13:48:32 CET.
| Flavor | Version | Tinstall | Tcheck | Ttotal | Status | Flags |
|---|---|---|---|---|---|---|
| r-devel-linux-x86_64-debian-clang | 1.3 | 14.38 | 125.06 | 139.44 | NOTE | |
| r-devel-linux-x86_64-debian-gcc | 1.3 | 8.93 | 88.78 | 97.71 | NOTE | |
| r-devel-linux-x86_64-fedora-clang | 1.4 | 25.00 | 227.36 | 252.36 | OK | |
| r-devel-linux-x86_64-fedora-gcc | 1.4 | 23.00 | 221.67 | 244.67 | OK | |
| r-devel-windows-x86_64 | 1.3 | 14.00 | 121.00 | 135.00 | NOTE | |
| r-patched-linux-x86_64 | 1.3 | 13.60 | 116.27 | 129.87 | NOTE | |
| r-release-linux-x86_64 | 1.3 | 13.85 | 116.18 | 130.03 | NOTE | |
| r-release-macos-arm64 | 1.3 | 8.00 | 70.00 | 78.00 | OK | |
| r-release-macos-x86_64 | 1.4 | 18.00 | 149.00 | 167.00 | OK | |
| r-release-windows-x86_64 | 1.3 | 15.00 | 122.00 | 137.00 | NOTE | |
| r-oldrel-macos-arm64 | 1.3 | 6.00 | 47.00 | 53.00 | OK | |
| r-oldrel-macos-x86_64 | 1.3 | 8.00 | 70.00 | 78.00 | OK | |
| r-oldrel-windows-x86_64 | 1.3 | 21.00 | 157.00 | 178.00 | OK |
Version: 1.3
Check: Rd cross-references
Result: NOTE
Found the following Rd file(s) with Rd \link{} targets missing package
anchors:
catpredi.Rd: mgcv
catpredi.survival.Rd: Surv
Please provide package anchors for all Rd \link{} targets not in the
package itself and the base packages.
Flavors: r-devel-linux-x86_64-debian-clang, r-devel-linux-x86_64-debian-gcc, r-devel-windows-x86_64, r-patched-linux-x86_64, r-release-linux-x86_64, r-release-windows-x86_64
These binaries (installable software) and packages are in development.
They may not be fully stable and should be used with caution. We make no claims about them.