Last updated on 2025-02-16 12:53:30 CET.
Flavor | Version | Tinstall | Tcheck | Ttotal | Status | Flags |
---|---|---|---|---|---|---|
r-devel-linux-x86_64-debian-clang | 2.0.3 | 16.81 | 40.78 | 57.59 | NOTE | |
r-devel-linux-x86_64-debian-gcc | 2.0.3 | 11.60 | 28.86 | 40.46 | NOTE | |
r-devel-linux-x86_64-fedora-clang | 2.0.3 | 100.51 | NOTE | |||
r-devel-linux-x86_64-fedora-gcc | 2.0.3 | 92.97 | NOTE | |||
r-devel-macos-arm64 | 2.0.3 | 29.00 | NOTE | |||
r-devel-macos-x86_64 | 2.0.3 | 69.00 | NOTE | |||
r-devel-windows-x86_64 | 2.0.3 | 16.00 | 82.00 | 98.00 | NOTE | |
r-patched-linux-x86_64 | 2.0.3 | 15.48 | 38.37 | 53.85 | NOTE | |
r-release-linux-x86_64 | 2.0.3 | 14.73 | 39.44 | 54.17 | NOTE | |
r-release-macos-arm64 | 2.0.3 | 28.00 | NOTE | |||
r-release-macos-x86_64 | 2.0.3 | 41.00 | NOTE | |||
r-release-windows-x86_64 | 2.0.3 | 17.00 | 83.00 | 100.00 | NOTE | |
r-oldrel-macos-arm64 | 2.0.3 | 30.00 | NOTE | |||
r-oldrel-macos-x86_64 | 2.0.3 | 49.00 | NOTE | |||
r-oldrel-windows-x86_64 | 2.0.3 | 22.00 | 83.00 | 105.00 | NOTE |
Version: 2.0.3
Check: C++ specification
Result: NOTE
Specified C++14: please drop specification unless essential
Flavors: r-devel-linux-x86_64-debian-clang, r-devel-linux-x86_64-debian-gcc, r-devel-linux-x86_64-fedora-clang, r-devel-linux-x86_64-fedora-gcc, r-devel-macos-arm64, r-devel-macos-x86_64, r-devel-windows-x86_64, r-patched-linux-x86_64, r-release-linux-x86_64, r-release-macos-arm64, r-release-macos-x86_64, r-release-windows-x86_64, r-oldrel-macos-arm64, r-oldrel-macos-x86_64, r-oldrel-windows-x86_64
These binaries (installable software) and packages are in development.
They may not be fully stable and should be used with caution. We make no claims about them.