CRAN Package Check Results for Package CatReg

Last updated on 2025-07-02 03:50:37 CEST.

Flavor Version Tinstall Tcheck Ttotal Status Flags
r-devel-linux-x86_64-debian-clang 2.0.3 14.82 41.92 56.74 NOTE
r-devel-linux-x86_64-debian-gcc 2.0.3 10.50 30.08 40.58 NOTE
r-devel-linux-x86_64-fedora-clang 2.0.3 93.87 NOTE
r-devel-linux-x86_64-fedora-gcc 2.0.3 93.59 NOTE
r-devel-windows-x86_64 2.0.3 20.00 71.00 91.00 NOTE
r-patched-linux-x86_64 NOTE
r-release-linux-x86_64 2.0.3 16.12 39.14 55.26 NOTE
r-release-macos-arm64 2.0.3 33.00 NOTE
r-release-macos-x86_64 2.0.3 74.00 NOTE
r-release-windows-x86_64 2.0.3 18.00 77.00 95.00 NOTE
r-oldrel-macos-arm64 2.0.3 28.00 NOTE
r-oldrel-macos-x86_64 2.0.3 41.00 NOTE
r-oldrel-windows-x86_64 2.0.3 22.00 93.00 115.00 NOTE

Check Details

Version: 2.0.3
Check: C++ specification
Result: NOTE Specified C++14: please drop specification unless essential Flavors: r-devel-linux-x86_64-debian-clang, r-devel-linux-x86_64-debian-gcc, r-devel-linux-x86_64-fedora-clang, r-devel-linux-x86_64-fedora-gcc, r-devel-windows-x86_64, r-patched-linux-x86_64, r-release-linux-x86_64, r-release-macos-arm64, r-release-macos-x86_64, r-release-windows-x86_64, r-oldrel-macos-arm64, r-oldrel-macos-x86_64, r-oldrel-windows-x86_64

These binaries (installable software) and packages are in development.
They may not be fully stable and should be used with caution. We make no claims about them.