CRAN Package Check Results for Package CausalGAM

Last updated on 2025-05-01 14:49:06 CEST.

Flavor Version Tinstall Tcheck Ttotal Status Flags
r-devel-linux-x86_64-debian-clang 0.1-4 2.36 22.60 24.96 NOTE
r-devel-linux-x86_64-debian-gcc 0.1-4 1.70 17.98 19.68 NOTE
r-devel-linux-x86_64-fedora-clang 0.1-4 37.86 OK
r-devel-linux-x86_64-fedora-gcc 0.1-4 36.74 OK
r-devel-windows-x86_64 0.1-4 3.00 45.00 48.00 OK
r-patched-linux-x86_64 0.1-4 2.50 21.70 24.20 OK
r-release-linux-x86_64 OK
r-release-macos-arm64 0.1-4 21.00 OK
r-release-macos-x86_64 0.1-4 29.00 OK
r-release-windows-x86_64 0.1-4 3.00 48.00 51.00 OK
r-oldrel-macos-arm64 0.1-4 16.00 OK
r-oldrel-macos-x86_64 0.1-4 24.00 OK
r-oldrel-windows-x86_64 0.1-4 4.00 47.00 51.00 OK

Check Details

Version: 0.1-4
Check: CRAN incoming feasibility
Result: NOTE Maintainer: ‘Kevin Quinn <kmq@umich.edu>’ No Authors@R field in DESCRIPTION. Please add one, modifying Authors@R: c(person(given = "Adam", family = "Glynn", role = "aut", email = "adam.glynn@emory.edu"), person(given = "Kevin", family = "Quinn", role = c("aut", "cre"), email = "kmq@umich.edu")) as necessary. Flavors: r-devel-linux-x86_64-debian-clang, r-devel-linux-x86_64-debian-gcc

These binaries (installable software) and packages are in development.
They may not be fully stable and should be used with caution. We make no claims about them.