CRAN Package Check Results for Package CausalGPS

Last updated on 2025-07-26 07:50:17 CEST.

Flavor Version Tinstall Tcheck Ttotal Status Flags
r-devel-linux-x86_64-debian-clang 0.5.0 31.02 144.07 175.09 NOTE
r-devel-linux-x86_64-debian-gcc 0.5.0 19.88 103.05 122.93 NOTE
r-devel-linux-x86_64-fedora-clang 0.5.0 292.43 OK
r-devel-linux-x86_64-fedora-gcc 0.5.0 267.72 OK
r-devel-windows-x86_64 0.5.0 37.00 167.00 204.00 OK
r-patched-linux-x86_64 0.5.0 30.15 130.59 160.74 OK
r-release-linux-x86_64 0.5.0 23.44 128.06 151.50 OK
r-release-macos-arm64 0.5.0 82.00 OK
r-release-macos-x86_64 0.5.0 142.00 OK
r-release-windows-x86_64 0.5.0 36.00 169.00 205.00 OK
r-oldrel-macos-arm64 0.5.0 86.00 OK
r-oldrel-macos-x86_64 0.5.0 216.00 OK
r-oldrel-windows-x86_64 0.5.0 44.00 218.00 262.00 OK

Check Details

Version: 0.5.0
Check: DESCRIPTION meta-information
Result: NOTE Author field differs from that derived from Authors@R Author: ‘Naeem Khoshnevis [aut, cre] (<https://orcid.org/0000-0003-4315-1426>, Kempner), Xiao Wu [aut] (<https://orcid.org/0000-0002-4884-657X>, CUMC), Danielle Braun [aut] (<https://orcid.org/0000-0002-5177-8598>, HSPH)’ Authors@R: ‘Naeem Khoshnevis [aut, cre] (ORCID: <https://orcid.org/0000-0003-4315-1426>, AFFILIATION: Kempner), Xiao Wu [aut] (ORCID: <https://orcid.org/0000-0002-4884-657X>, AFFILIATION: CUMC), Danielle Braun [aut] (ORCID: <https://orcid.org/0000-0002-5177-8598>, AFFILIATION: HSPH)’ Flavors: r-devel-linux-x86_64-debian-clang, r-devel-linux-x86_64-debian-gcc

These binaries (installable software) and packages are in development.
They may not be fully stable and should be used with caution. We make no claims about them.