Last updated on 2025-05-01 14:49:06 CEST.
Flavor | Version | Tinstall | Tcheck | Ttotal | Status | Flags |
---|---|---|---|---|---|---|
r-devel-linux-x86_64-debian-clang | 1.3.0 | 6.40 | 112.03 | 118.43 | NOTE | |
r-devel-linux-x86_64-debian-gcc | 1.3.0 | 4.90 | 77.13 | 82.03 | NOTE | |
r-devel-linux-x86_64-fedora-clang | 1.3.0 | 173.42 | OK | |||
r-devel-linux-x86_64-fedora-gcc | 1.3.0 | 194.45 | OK | |||
r-devel-windows-x86_64 | 1.3.0 | 8.00 | 118.00 | 126.00 | OK | |
r-patched-linux-x86_64 | 1.3.0 | 6.83 | 103.17 | 110.00 | OK | |
r-release-linux-x86_64 | OK | |||||
r-release-macos-arm64 | 1.3.0 | 69.00 | OK | |||
r-release-macos-x86_64 | 1.3.0 | 121.00 | OK | |||
r-release-windows-x86_64 | 1.3.0 | 8.00 | 120.00 | 128.00 | OK | |
r-oldrel-macos-arm64 | 1.3.0 | 53.00 | OK | |||
r-oldrel-macos-x86_64 | 1.3.0 | 91.00 | OK | |||
r-oldrel-windows-x86_64 | 1.3.0 | 10.00 | 152.00 | 162.00 | OK |
Version: 1.3.0
Check: CRAN incoming feasibility
Result: NOTE
Maintainer: ‘Alain Hauser <alhauser@google.com>’
No Authors@R field in DESCRIPTION.
Please add one, modifying
Authors@R: c(person(given = c("Kay", "H."),
family = "Brodersen",
role = "aut",
email = "kbrodersen@google.com"),
person(given = "Alain",
family = "Hauser",
role = c("aut", "cre"),
email = "alhauser@google.com"))
as necessary.
Package CITATION file contains call(s) to old-style personList() or
as.personList(). Please use c() on person objects instead.
Flavors: r-devel-linux-x86_64-debian-clang, r-devel-linux-x86_64-debian-gcc
These binaries (installable software) and packages are in development.
They may not be fully stable and should be used with caution. We make no claims about them.