Last updated on 2025-02-16 10:50:43 CET.
Flavor | Version | Tinstall | Tcheck | Ttotal | Status | Flags |
---|---|---|---|---|---|---|
r-devel-linux-x86_64-debian-clang | 0.1.1 | 11.83 | 128.09 | 139.92 | NOTE | |
r-devel-linux-x86_64-debian-gcc | 0.1.1 | 7.14 | 87.99 | 95.13 | NOTE | |
r-devel-linux-x86_64-fedora-clang | 0.1.1 | 233.36 | NOTE | |||
r-devel-linux-x86_64-fedora-gcc | 0.1.1 | 223.56 | NOTE | |||
r-devel-macos-arm64 | 0.1.1 | 68.00 | NOTE | |||
r-devel-macos-x86_64 | 0.1.1 | 136.00 | NOTE | |||
r-devel-windows-x86_64 | 0.1.1 | 13.00 | 126.00 | 139.00 | NOTE | |
r-patched-linux-x86_64 | 0.1.1 | 11.22 | 118.52 | 129.74 | NOTE | |
r-release-linux-x86_64 | 0.1.1 | 8.42 | 120.20 | 128.62 | NOTE | |
r-release-macos-arm64 | 0.1.1 | 65.00 | NOTE | |||
r-release-macos-x86_64 | 0.1.1 | 102.00 | NOTE | |||
r-release-windows-x86_64 | 0.1.1 | 13.00 | 126.00 | 139.00 | NOTE | |
r-oldrel-macos-arm64 | 0.1.1 | 74.00 | OK | |||
r-oldrel-macos-x86_64 | 0.1.1 | 94.00 | OK | |||
r-oldrel-windows-x86_64 | 0.1.1 | 17.00 | 148.00 | 165.00 | OK |
Version: 0.1.1
Check: Rd files
Result: NOTE
checkRd: (-1) as.mbsts.Rd:71: Lost braces; missing escapes or markup?
71 | \item{states.samples}{(\code{niter}- \code{burn}) draws from p(alpha_t | Y_{1:T}).}
| ^
checkRd: (-1) mcmc.Rd:61: Lost braces; missing escapes or markup?
61 | \item{states.samples}{(\code{niter}- \code{burn}) draws from p(alpha_t | Y_{1:T}).}
| ^
Flavors: r-devel-linux-x86_64-debian-clang, r-devel-linux-x86_64-debian-gcc, r-devel-linux-x86_64-fedora-clang, r-devel-linux-x86_64-fedora-gcc, r-devel-macos-arm64, r-devel-macos-x86_64, r-devel-windows-x86_64, r-patched-linux-x86_64, r-release-linux-x86_64, r-release-macos-arm64, r-release-macos-x86_64, r-release-windows-x86_64
These binaries (installable software) and packages are in development.
They may not be fully stable and should be used with caution. We make no claims about them.