Last updated on 2025-02-16 10:50:43 CET.
Flavor | Version | Tinstall | Tcheck | Ttotal | Status | Flags |
---|---|---|---|---|---|---|
r-devel-linux-x86_64-debian-clang | 1.3.2 | 159.26 | 182.29 | 341.55 | NOTE | |
r-devel-linux-x86_64-debian-gcc | 1.3.2 | 144.38 | 144.11 | 288.49 | NOTE | |
r-devel-linux-x86_64-fedora-clang | 1.3.2 | 597.38 | NOTE | |||
r-devel-linux-x86_64-fedora-gcc | 1.3.2 | 684.81 | NOTE | |||
r-devel-macos-arm64 | 1.3.2 | 164.00 | OK | |||
r-devel-macos-x86_64 | 1.3.2 | 194.00 | OK | |||
r-devel-windows-x86_64 | 1.3.2 | 160.00 | 216.00 | 376.00 | NOTE | |
r-patched-linux-x86_64 | 1.3.2 | 192.84 | 186.05 | 378.89 | NOTE | |
r-release-linux-x86_64 | 1.3.2 | 186.62 | 184.95 | 371.57 | NOTE | |
r-release-macos-arm64 | 1.3.2 | 169.00 | NOTE | |||
r-release-macos-x86_64 | 1.3.2 | 210.00 | NOTE | |||
r-release-windows-x86_64 | 1.3.2 | 164.00 | 208.00 | 372.00 | NOTE | |
r-oldrel-macos-arm64 | 1.3.1 | 144.00 | NOTE | |||
r-oldrel-macos-x86_64 | 1.3.2 | 240.00 | NOTE | |||
r-oldrel-windows-x86_64 | 1.3.2 | 227.00 | 269.00 | 496.00 | NOTE |
Version: 1.3.2
Check: DESCRIPTION meta-information
Result: NOTE
Missing dependency on R >= 4.2.0 because package code uses the pipe
placeholder syntax added in R 4.2.0.
File(s) using such syntax:
‘methods.R’
Flavors: r-devel-linux-x86_64-debian-clang, r-devel-linux-x86_64-debian-gcc, r-devel-linux-x86_64-fedora-clang, r-devel-linux-x86_64-fedora-gcc, r-devel-windows-x86_64
Version: 1.3.2
Check: for GNU extensions in Makefiles
Result: NOTE
GNU make is a SystemRequirements.
Flavors: r-patched-linux-x86_64, r-release-linux-x86_64, r-release-macos-arm64, r-release-macos-x86_64, r-release-windows-x86_64, r-oldrel-macos-x86_64, r-oldrel-windows-x86_64
Version: 1.3.2
Check: installed package size
Result: NOTE
installed size is 53.8Mb
sub-directories of 1Mb or more:
libs 52.7Mb
Flavors: r-release-macos-arm64, r-release-macos-x86_64, r-oldrel-macos-x86_64
Version: 1.3.1
Check: installed package size
Result: NOTE
installed size is 53.9Mb
sub-directories of 1Mb or more:
libs 52.8Mb
Flavor: r-oldrel-macos-arm64
Version: 1.3.1
Check: for GNU extensions in Makefiles
Result: NOTE
GNU make is a SystemRequirements.
Flavor: r-oldrel-macos-arm64
These binaries (installable software) and packages are in development.
They may not be fully stable and should be used with caution. We make no claims about them.