Last updated on 2024-07-27 15:50:13 CEST.
Flavor | Version | Tinstall | Tcheck | Ttotal | Status | Flags |
---|---|---|---|---|---|---|
r-devel-linux-x86_64-debian-clang | 1.1.1 | 213.14 | 341.34 | 554.48 | NOTE | |
r-devel-linux-x86_64-debian-gcc | 1.1.1 | NOTE | ||||
r-devel-linux-x86_64-fedora-clang | 1.1.1 | 697.14 | NOTE | |||
r-devel-linux-x86_64-fedora-gcc | 1.1.1 | 845.96 | NOTE | |||
r-devel-windows-x86_64 | 1.1.1 | 169.00 | 365.00 | 534.00 | NOTE | |
r-patched-linux-x86_64 | 1.1.1 | NOTE | ||||
r-release-linux-x86_64 | 1.1.1 | 153.78 | 360.17 | 513.95 | NOTE | |
r-release-macos-arm64 | 1.1.1 | 206.00 | NOTE | |||
r-release-macos-x86_64 | 1.1.1 | 314.00 | NOTE | |||
r-release-windows-x86_64 | 1.1.1 | 180.00 | 352.00 | 532.00 | NOTE | |
r-oldrel-macos-arm64 | 1.1.1 | 210.00 | NOTE | |||
r-oldrel-macos-x86_64 | 1.1.1 | 496.00 | NOTE | |||
r-oldrel-windows-x86_64 | 1.1.1 | 221.00 | 426.00 | 647.00 | NOTE |
Version: 1.1.1
Check: for GNU extensions in Makefiles
Result: NOTE
GNU make is a SystemRequirements.
Flavors: r-devel-linux-x86_64-debian-clang, r-devel-linux-x86_64-debian-gcc, r-devel-linux-x86_64-fedora-clang, r-devel-linux-x86_64-fedora-gcc, r-devel-windows-x86_64, r-patched-linux-x86_64, r-release-linux-x86_64, r-release-macos-arm64, r-release-macos-x86_64, r-release-windows-x86_64, r-oldrel-macos-arm64, r-oldrel-macos-x86_64, r-oldrel-windows-x86_64
Version: 1.1.1
Check: Rd cross-references
Result: NOTE
Found the following Rd file(s) with Rd \link{} targets missing package
anchors:
make_model.Rd: dagitty
print.causal_model.Rd: dagitty
Please provide package anchors for all Rd \link{} targets not in the
package itself and the base packages.
Flavors: r-devel-linux-x86_64-debian-gcc, r-devel-windows-x86_64
Version: 1.1.1
Check: installed package size
Result: NOTE
installed size is 53.6Mb
sub-directories of 1Mb or more:
libs 52.6Mb
Flavors: r-release-macos-arm64, r-release-macos-x86_64, r-oldrel-macos-arm64, r-oldrel-macos-x86_64
These binaries (installable software) and packages are in development.
They may not be fully stable and should be used with caution. We make no claims about them.