Last updated on 2025-07-26 07:50:17 CEST.
Flavor | Version | Tinstall | Tcheck | Ttotal | Status | Flags |
---|---|---|---|---|---|---|
r-devel-linux-x86_64-debian-clang | 1.4.3 | 169.81 | 190.54 | 360.35 | OK | |
r-devel-linux-x86_64-debian-gcc | 1.4.3 | 150.06 | 144.08 | 294.14 | OK | |
r-devel-linux-x86_64-fedora-clang | 1.4.3 | 633.19 | OK | |||
r-devel-linux-x86_64-fedora-gcc | 1.4.3 | 674.70 | OK | |||
r-devel-windows-x86_64 | 1.4.3 | 193.00 | 237.00 | 430.00 | OK | |
r-patched-linux-x86_64 | 1.3.3 | 196.55 | 190.53 | 387.08 | OK | |
r-release-linux-x86_64 | 1.3.3 | 189.59 | 192.73 | 382.32 | OK | |
r-release-macos-arm64 | 1.3.3 | 155.00 | OK | |||
r-release-macos-x86_64 | 1.4.3 | 265.00 | OK | |||
r-release-windows-x86_64 | 1.4.3 | 199.00 | 219.00 | 418.00 | OK | |
r-oldrel-macos-arm64 | 1.3.3 | 137.00 | NOTE | |||
r-oldrel-macos-x86_64 | 1.4.3 | 260.00 | NOTE | |||
r-oldrel-windows-x86_64 | 1.4.3 | 225.00 | 277.00 | 502.00 | NOTE |
Version: 1.3.3
Check: installed package size
Result: NOTE
installed size is 54.4Mb
sub-directories of 1Mb or more:
libs 53.3Mb
Flavor: r-oldrel-macos-arm64
Version: 1.3.3
Check: for GNU extensions in Makefiles
Result: NOTE
GNU make is a SystemRequirements.
Flavor: r-oldrel-macos-arm64
Version: 1.4.3
Check: installed package size
Result: NOTE
installed size is 55.4Mb
sub-directories of 1Mb or more:
libs 54.3Mb
Flavor: r-oldrel-macos-x86_64
Version: 1.4.3
Check: for GNU extensions in Makefiles
Result: NOTE
GNU make is a SystemRequirements.
Flavors: r-oldrel-macos-x86_64, r-oldrel-windows-x86_64
These binaries (installable software) and packages are in development.
They may not be fully stable and should be used with caution. We make no claims about them.