CRAN Package Check Results for Package CautiousLearning

Last updated on 2025-10-03 05:53:26 CEST.

Flavor Version Tinstall Tcheck Ttotal Status Flags
r-devel-linux-x86_64-debian-clang 1.0.1 12.30 28.70 41.00 NOTE
r-devel-linux-x86_64-debian-gcc 1.0.1 8.73 23.86 32.59 NOTE
r-devel-linux-x86_64-fedora-clang 1.0.1 64.88 OK
r-devel-linux-x86_64-fedora-gcc 1.0.1 66.05 OK
r-devel-windows-x86_64 1.0.1 17.00 89.00 106.00 OK
r-patched-linux-x86_64 1.0.1 12.57 26.83 39.40 OK
r-release-linux-x86_64 1.0.1 10.96 27.38 38.34 OK
r-release-macos-arm64 1.0.1 26.00 OK
r-release-macos-x86_64 1.0.1 39.00 OK
r-release-windows-x86_64 1.0.1 16.00 70.00 86.00 OK
r-oldrel-macos-arm64 1.0.1 25.00 OK
r-oldrel-macos-x86_64 1.0.1 34.00 OK
r-oldrel-windows-x86_64 1.0.1 16.00 82.00 98.00 OK

Check Details

Version: 1.0.1
Check: CRAN incoming feasibility
Result: NOTE Maintainer: ‘Giovanna Capizzi <giovanna.capizzi@unipd.it>’ No Authors@R field in DESCRIPTION. Please add one, modifying Authors@R: c(person(given = "Giovanna", family = "Capizzi", role = c("aut", "cre"), email = "giovanna.capizzi@unipd.it"), person(given = "Guido", family = "Masarotto", role = "aut")) as necessary. Flavors: r-devel-linux-x86_64-debian-clang, r-devel-linux-x86_64-debian-gcc

These binaries (installable software) and packages are in development.
They may not be fully stable and should be used with caution. We make no claims about them.